{"id":1028,"date":"2022-06-01T11:10:01","date_gmt":"2022-06-01T15:10:01","guid":{"rendered":"https:\/\/site.ac-martinique.fr\/sciences-economiques\/?page_id=1028"},"modified":"2022-06-01T18:42:16","modified_gmt":"2022-06-01T22:42:16","slug":"instructions-officielles","status":"publish","type":"page","link":"https:\/\/site.ac-martinique.fr\/sciences-economiques\/?page_id=1028","title":{"rendered":"Instructions officielles"},"content":{"rendered":"<h1><strong><a href=\"https:\/\/site.ac-martinique.fr\/sciences-economiques\/wp-content\/uploads\/sites\/25\/2022\/06\/images-pour-programme.jpeg\"><img loading=\"lazy\" decoding=\"async\" class=\"alignnone  wp-image-1110\" src=\"https:\/\/site.ac-martinique.fr\/sciences-economiques\/wp-content\/uploads\/sites\/25\/2022\/06\/images-pour-programme-300x150.jpeg\" alt=\"\" width=\"220\" height=\"110\" srcset=\"https:\/\/site.ac-martinique.fr\/sciences-economiques\/wp-content\/uploads\/sites\/25\/2022\/06\/images-pour-programme-300x150.jpeg 300w, https:\/\/site.ac-martinique.fr\/sciences-economiques\/wp-content\/uploads\/sites\/25\/2022\/06\/images-pour-programme.jpeg 600w\" sizes=\"auto, (max-width: 220px) 100vw, 220px\" \/><\/a>Le programme<\/strong><\/h1>\n<p>Le programme de l&#8217;enseignement de sp\u00e9cialit\u00e9 de SES de la <strong>classe terminale<\/strong> de la voie g\u00e9n\u00e9rale est d\u00e9fini par arr\u00eat\u00e9 du 19-7-2019 publi\u00e9 au BO sp\u00e9cial n\u00b0 8 du 25 juillet 2019. Ce programme s\u2019inscrit dans le cadre des orientations fix\u00e9es par le pr\u00e9ambule du programme du cycle terminal et prend appui sur les objectifs d\u2019apprentissage du programme de la classe de premi\u00e8re.<\/p>\n<p><span style=\"color: #ff0000;\"><strong>Cliquer ici <\/strong><\/span>pour acc\u00e9der au site :\u00a0<a href=\"https:\/\/eduscol.education.fr\/document\/23155\/download\">https:\/\/eduscol.education.fr\/document\/23155\/download<\/a><\/p>\n","protected":false},"excerpt":{"rendered":"<p>Le programme Le programme de l&#8217;enseignement de sp\u00e9cialit\u00e9 de SES de la classe terminale de la voie g\u00e9n\u00e9rale est d\u00e9fini par arr\u00eat\u00e9 du 19-7-2019 publi\u00e9 au BO sp\u00e9cial n\u00b0 8 du 25 juillet 2019. Ce programme s\u2019inscrit dans le cadre &hellip; <a href=\"https:\/\/site.ac-martinique.fr\/sciences-economiques\/?page_id=1028\">Continuer la lecture <span class=\"meta-nav\">&rarr;<\/span><\/a><\/p>\n","protected":false},"author":81,"featured_media":0,"parent":974,"menu_order":1,"comment_status":"closed","ping_status":"closed","template":"","meta":{"footnotes":"","_links_to":"","_links_to_target":""},"class_list":["post-1028","page","type-page","status-publish","hentry"],"_links":{"self":[{"href":"https:\/\/site.ac-martinique.fr\/sciences-economiques\/index.php?rest_route=\/wp\/v2\/pages\/1028","targetHints":{"allow":["GET"]}}],"collection":[{"href":"https:\/\/site.ac-martinique.fr\/sciences-economiques\/index.php?rest_route=\/wp\/v2\/pages"}],"about":[{"href":"https:\/\/site.ac-martinique.fr\/sciences-economiques\/index.php?rest_route=\/wp\/v2\/types\/page"}],"author":[{"embeddable":true,"href":"https:\/\/site.ac-martinique.fr\/sciences-economiques\/index.php?rest_route=\/wp\/v2\/users\/81"}],"replies":[{"embeddable":true,"href":"https:\/\/site.ac-martinique.fr\/sciences-economiques\/index.php?rest_route=%2Fwp%2Fv2%2Fcomments&post=1028"}],"version-history":[{"count":6,"href":"https:\/\/site.ac-martinique.fr\/sciences-economiques\/index.php?rest_route=\/wp\/v2\/pages\/1028\/revisions"}],"predecessor-version":[{"id":1113,"href":"https:\/\/site.ac-martinique.fr\/sciences-economiques\/index.php?rest_route=\/wp\/v2\/pages\/1028\/revisions\/1113"}],"up":[{"embeddable":true,"href":"https:\/\/site.ac-martinique.fr\/sciences-economiques\/index.php?rest_route=\/wp\/v2\/pages\/974"}],"wp:attachment":[{"href":"https:\/\/site.ac-martinique.fr\/sciences-economiques\/index.php?rest_route=%2Fwp%2Fv2%2Fmedia&parent=1028"}],"curies":[{"name":"wp","href":"https:\/\/api.w.org\/{rel}","templated":true}]}}

<h1><strong><a href="https://site.ac-martinique.fr/sciences-economiques/wp-content/uploads/sites/25/2022/06/images-pour-programme.jpeg"><img loading="lazy" decoding="async" class="alignnone  wp-image-1110" src="https://site.ac-martinique.fr/sciences-economiques/wp-content/uploads/sites/25/2022/06/images-pour-programme-300x150.jpeg" alt="" width="220" height="110" srcset="https://site.ac-martinique.fr/sciences-economiques/wp-content/uploads/sites/25/2022/06/images-pour-programme-300x150.jpeg 300w, https://site.ac-martinique.fr/sciences-economiques/wp-content/uploads/sites/25/2022/06/images-pour-programme.jpeg 600w" sizes="auto, (max-width: 220px) 100vw, 220px" /></a>Le programme</strong></h1>
<p>Le programme de l&#8217;enseignement de spécialité de SES de la <strong>classe terminale</strong> de la voie générale est défini par arrêté du 19-7-2019 publié au BO spécial n° 8 du 25 juillet 2019. Ce programme s’inscrit dans le cadre des orientations fixées par le préambule du programme du cycle terminal et prend appui sur les objectifs d’apprentissage du programme de la classe de première.</p>
<p><span style="color: #ff0000;"><strong>Cliquer ici </strong></span>pour accéder au site : <a href="https://eduscol.education.fr/document/23155/download">https://eduscol.education.fr/document/23155/download</a></p>

<p>Le programme Le programme de l&#8217;enseignement de spécialité de SES de la classe terminale de la voie générale est défini par arrêté du 19-7-2019 publié au BO spécial n° 8 du 25 juillet 2019. Ce programme s’inscrit dans le cadre &hellip; <a href="https://site.ac-martinique.fr/sciences-economiques/?page_id=1028">Continuer la lecture <span class="meta-nav">&rarr;</span></a></p>
