{"id":1286,"date":"2022-09-17T11:31:53","date_gmt":"2022-09-17T15:31:53","guid":{"rendered":"https:\/\/site.ac-martinique.fr\/sciences-economiques\/?page_id=1286"},"modified":"2022-09-17T11:31:53","modified_gmt":"2022-09-17T15:31:53","slug":"la-certification-pix","status":"publish","type":"page","link":"https:\/\/site.ac-martinique.fr\/sciences-economiques\/?page_id=1286","title":{"rendered":"La certification PIX"},"content":{"rendered":"<p>Ce qu&#8217;il faut savoir\u00a0 :\u00a0<a href=\"https:\/\/youtu.be\/x9C9tK7SU7g?t=3\">https:\/\/youtu.be\/x9C9tK7SU7g?t=3<\/a><\/p>\n<p>La mise en \u0153uvre au sein d&#8217;un \u00e9tablissement (Equipi\u00e8re num\u00e9rique : MOREAU G.) :<\/p>\n<p><a href=\"https:\/\/site.ac-martinique.fr\/sciences-economiques\/wp-content\/uploads\/sites\/25\/2022\/09\/PIX-.pdf\">https:\/\/site.ac-martinique.fr\/sciences-economiques\/wp-content\/uploads\/sites\/25\/2022\/09\/PIX-.pdf<\/a><\/p>\n<p>&nbsp;<\/p>\n","protected":false},"excerpt":{"rendered":"<p>Ce qu&#8217;il faut savoir\u00a0 :\u00a0https:\/\/youtu.be\/x9C9tK7SU7g?t=3 La mise en \u0153uvre au sein d&#8217;un \u00e9tablissement (Equipi\u00e8re num\u00e9rique : MOREAU G.) : https:\/\/site.ac-martinique.fr\/sciences-economiques\/wp-content\/uploads\/sites\/25\/2022\/09\/PIX-.pdf &nbsp;<\/p>\n","protected":false},"author":81,"featured_media":0,"parent":1271,"menu_order":3,"comment_status":"closed","ping_status":"closed","template":"","meta":{"footnotes":"","_links_to":"","_links_to_target":""},"class_list":["post-1286","page","type-page","status-publish","hentry"],"_links":{"self":[{"href":"https:\/\/site.ac-martinique.fr\/sciences-economiques\/index.php?rest_route=\/wp\/v2\/pages\/1286","targetHints":{"allow":["GET"]}}],"collection":[{"href":"https:\/\/site.ac-martinique.fr\/sciences-economiques\/index.php?rest_route=\/wp\/v2\/pages"}],"about":[{"href":"https:\/\/site.ac-martinique.fr\/sciences-economiques\/index.php?rest_route=\/wp\/v2\/types\/page"}],"author":[{"embeddable":true,"href":"https:\/\/site.ac-martinique.fr\/sciences-economiques\/index.php?rest_route=\/wp\/v2\/users\/81"}],"replies":[{"embeddable":true,"href":"https:\/\/site.ac-martinique.fr\/sciences-economiques\/index.php?rest_route=%2Fwp%2Fv2%2Fcomments&post=1286"}],"version-history":[{"count":1,"href":"https:\/\/site.ac-martinique.fr\/sciences-economiques\/index.php?rest_route=\/wp\/v2\/pages\/1286\/revisions"}],"predecessor-version":[{"id":1288,"href":"https:\/\/site.ac-martinique.fr\/sciences-economiques\/index.php?rest_route=\/wp\/v2\/pages\/1286\/revisions\/1288"}],"up":[{"embeddable":true,"href":"https:\/\/site.ac-martinique.fr\/sciences-economiques\/index.php?rest_route=\/wp\/v2\/pages\/1271"}],"wp:attachment":[{"href":"https:\/\/site.ac-martinique.fr\/sciences-economiques\/index.php?rest_route=%2Fwp%2Fv2%2Fmedia&parent=1286"}],"curies":[{"name":"wp","href":"https:\/\/api.w.org\/{rel}","templated":true}]}}