{"id":1415,"date":"2022-10-18T18:53:22","date_gmt":"2022-10-18T22:53:22","guid":{"rendered":"https:\/\/site.ac-martinique.fr\/sciences-economiques\/?page_id=1415"},"modified":"2022-10-18T18:53:22","modified_gmt":"2022-10-18T22:53:22","slug":"superprofit","status":"publish","type":"page","link":"https:\/\/site.ac-martinique.fr\/sciences-economiques\/?page_id=1415","title":{"rendered":"Superprofit"},"content":{"rendered":"<p><strong>Que signifie le terme : superprofit ?\u00a0<\/strong><\/p>\n<p>La notion de<em>\u00a0<\/em>superprofit d\u00e9signe des profits exceptionnels r\u00e9alis\u00e9s par un\u00a0<strong>effet d\u2019aubaine<\/strong>. Il s\u2019agit d\u2019un enrichissement consid\u00e9r\u00e9 comme sup\u00e9rieur \u00e0 la normale et d\u00fb \u00e0 des circonstances ext\u00e9rieures\u00a0<em>\u00ab\u00a0qui font gagner de l\u2019argent \u00e0 une entreprise sans qu\u2019elle n\u2019ait rien modifi\u00e9 \u00e0 sa fa\u00e7on d\u2019op\u00e9rer ni \u00e0 ses d\u00e9cisions strat\u00e9giques\u00a0\u00bb<\/em>, r\u00e9sume l\u2019\u00e9conomiste Mireille Chiroleu-Assouline, professeure \u00e0 l\u2019universit\u00e9 Paris I-Panth\u00e9on Sorbonne et \u00e0 la Paris School of Economics. Mais le terme n\u2019appartient pas au vocabulaire scientifique, les \u00e9conomistes lui pr\u00e9f\u00e9rant l\u2019emploi de la notion de\u00a0<strong>rente<\/strong>.<span id=\"more-1247\"><\/span><\/p>\n<p><a href=\"https:\/\/www.lemonde.fr\/les-decodeurs\/article\/2022\/09\/01\/d-ou-vient-la-notion-de-superprofit-et-que-signifie-t-elle-vraiment_6139741_4355770.html\">https:\/\/www.lemonde.fr\/les-decodeurs\/article\/2022\/09\/01\/d-ou-vient-la-notion-de-superprofit-et-que-signifie-t-elle-vraiment_6139741_4355770.html<\/a><\/p>\n","protected":false},"excerpt":{"rendered":"<p>Que signifie le terme : superprofit ?\u00a0 La notion de\u00a0superprofit d\u00e9signe des profits exceptionnels r\u00e9alis\u00e9s par un\u00a0effet d\u2019aubaine. Il s\u2019agit d\u2019un enrichissement consid\u00e9r\u00e9 comme sup\u00e9rieur \u00e0 la normale et d\u00fb \u00e0 des circonstances ext\u00e9rieures\u00a0\u00ab\u00a0qui font gagner de l\u2019argent \u00e0 une &hellip; <a href=\"https:\/\/site.ac-martinique.fr\/sciences-economiques\/?page_id=1415\">Continuer la lecture <span class=\"meta-nav\">&rarr;<\/span><\/a><\/p>\n","protected":false},"author":81,"featured_media":0,"parent":1247,"menu_order":1,"comment_status":"closed","ping_status":"closed","template":"","meta":{"footnotes":"","_links_to":"","_links_to_target":""},"class_list":["post-1415","page","type-page","status-publish","hentry"],"_links":{"self":[{"href":"https:\/\/site.ac-martinique.fr\/sciences-economiques\/index.php?rest_route=\/wp\/v2\/pages\/1415","targetHints":{"allow":["GET"]}}],"collection":[{"href":"https:\/\/site.ac-martinique.fr\/sciences-economiques\/index.php?rest_route=\/wp\/v2\/pages"}],"about":[{"href":"https:\/\/site.ac-martinique.fr\/sciences-economiques\/index.php?rest_route=\/wp\/v2\/types\/page"}],"author":[{"embeddable":true,"href":"https:\/\/site.ac-martinique.fr\/sciences-economiques\/index.php?rest_route=\/wp\/v2\/users\/81"}],"replies":[{"embeddable":true,"href":"https:\/\/site.ac-martinique.fr\/sciences-economiques\/index.php?rest_route=%2Fwp%2Fv2%2Fcomments&post=1415"}],"version-history":[{"count":1,"href":"https:\/\/site.ac-martinique.fr\/sciences-economiques\/index.php?rest_route=\/wp\/v2\/pages\/1415\/revisions"}],"predecessor-version":[{"id":1416,"href":"https:\/\/site.ac-martinique.fr\/sciences-economiques\/index.php?rest_route=\/wp\/v2\/pages\/1415\/revisions\/1416"}],"up":[{"embeddable":true,"href":"https:\/\/site.ac-martinique.fr\/sciences-economiques\/index.php?rest_route=\/wp\/v2\/pages\/1247"}],"wp:attachment":[{"href":"https:\/\/site.ac-martinique.fr\/sciences-economiques\/index.php?rest_route=%2Fwp%2Fv2%2Fmedia&parent=1415"}],"curies":[{"name":"wp","href":"https:\/\/api.w.org\/{rel}","templated":true}]}}