{"id":1423,"date":"2022-10-19T11:02:30","date_gmt":"2022-10-19T15:02:30","guid":{"rendered":"https:\/\/site.ac-martinique.fr\/sciences-economiques\/?page_id=1423"},"modified":"2022-10-19T11:02:30","modified_gmt":"2022-10-19T15:02:30","slug":"sociologie-chapitre-2-quels-sont-les-caracteristiques-contemporaines-et-les-facteurs-de-la-mobilite-sociale","status":"publish","type":"page","link":"https:\/\/site.ac-martinique.fr\/sciences-economiques\/?page_id=1423","title":{"rendered":"Sociologie Chapitre 2 : Quels sont les caract\u00e9ristiques contemporaines et les facteurs de la mobilit\u00e9 sociale ?"},"content":{"rendered":"<p>Travail collaboratif r\u00e9alis\u00e9 par MMES RENE-CORAIL S.G, RICHER L. et SENECLAUZE L.<\/p>\n<p><a href=\"https:\/\/site.ac-martinique.fr\/sciences-economiques\/wp-content\/uploads\/sites\/25\/2022\/10\/CHAP2-Annee-impaire-SOCIO-VERSION-ELEVE.pdf\">https:\/\/site.ac-martinique.fr\/sciences-economiques\/wp-content\/uploads\/sites\/25\/2022\/10\/CHAP2-Annee-impaire-SOCIO-VERSION-ELEVE.pdf<\/a><\/p>\n","protected":false},"excerpt":{"rendered":"<p>Travail collaboratif r\u00e9alis\u00e9 par MMES RENE-CORAIL S.G, RICHER L. et SENECLAUZE L. https:\/\/site.ac-martinique.fr\/sciences-economiques\/wp-content\/uploads\/sites\/25\/2022\/10\/CHAP2-Annee-impaire-SOCIO-VERSION-ELEVE.pdf<\/p>\n","protected":false},"author":81,"featured_media":0,"parent":1080,"menu_order":3,"comment_status":"closed","ping_status":"closed","template":"","meta":{"footnotes":"","_links_to":"","_links_to_target":""},"class_list":["post-1423","page","type-page","status-publish","hentry"],"_links":{"self":[{"href":"https:\/\/site.ac-martinique.fr\/sciences-economiques\/index.php?rest_route=\/wp\/v2\/pages\/1423","targetHints":{"allow":["GET"]}}],"collection":[{"href":"https:\/\/site.ac-martinique.fr\/sciences-economiques\/index.php?rest_route=\/wp\/v2\/pages"}],"about":[{"href":"https:\/\/site.ac-martinique.fr\/sciences-economiques\/index.php?rest_route=\/wp\/v2\/types\/page"}],"author":[{"embeddable":true,"href":"https:\/\/site.ac-martinique.fr\/sciences-economiques\/index.php?rest_route=\/wp\/v2\/users\/81"}],"replies":[{"embeddable":true,"href":"https:\/\/site.ac-martinique.fr\/sciences-economiques\/index.php?rest_route=%2Fwp%2Fv2%2Fcomments&post=1423"}],"version-history":[{"count":2,"href":"https:\/\/site.ac-martinique.fr\/sciences-economiques\/index.php?rest_route=\/wp\/v2\/pages\/1423\/revisions"}],"predecessor-version":[{"id":1779,"href":"https:\/\/site.ac-martinique.fr\/sciences-economiques\/index.php?rest_route=\/wp\/v2\/pages\/1423\/revisions\/1779"}],"up":[{"embeddable":true,"href":"https:\/\/site.ac-martinique.fr\/sciences-economiques\/index.php?rest_route=\/wp\/v2\/pages\/1080"}],"wp:attachment":[{"href":"https:\/\/site.ac-martinique.fr\/sciences-economiques\/index.php?rest_route=%2Fwp%2Fv2%2Fmedia&parent=1423"}],"curies":[{"name":"wp","href":"https:\/\/api.w.org\/{rel}","templated":true}]}}