{"id":1446,"date":"2022-11-08T16:48:24","date_gmt":"2022-11-08T20:48:24","guid":{"rendered":"https:\/\/site.ac-martinique.fr\/sciences-economiques\/?page_id=1446"},"modified":"2022-11-08T16:48:24","modified_gmt":"2022-11-08T20:48:24","slug":"mise-en-activite-le-cout-economique-des-discriminations","status":"publish","type":"page","link":"https:\/\/site.ac-martinique.fr\/sciences-economiques\/?page_id=1446","title":{"rendered":"Mise en activit\u00e9 : le co\u00fbt \u00e9conomique des discriminations"},"content":{"rendered":"<p>Les \u00ab\u00a0<strong>mises en activit\u00e9\u00a0<\/strong>\u00bb, lanc\u00e9es \u00e0 la rentr\u00e9e 2018, sont un relais entre les publications de France Strat\u00e9gie et un public lyc\u00e9en accompagn\u00e9 par ses enseignants, principalement en sciences \u00e9conomiques. Elles sont au nombre de trois par ann\u00e9e scolaire. Ces documents p\u00e9dagogiques s\u2019appuient, pour chacun d\u2019entre eux, sur les notes d\u2019analyse et les rapports \u00e9labor\u00e9s par France Strat\u00e9gie.<\/p>\n<p><a href=\"https:\/\/site.ac-martinique.fr\/sciences-economiques\/wp-content\/uploads\/sites\/25\/2022\/11\/livret_ide_-_couts_discriminsation_vol.1.pdf\"><img loading=\"lazy\" decoding=\"async\" class=\"alignnone size-medium wp-image-1447\" src=\"https:\/\/site.ac-martinique.fr\/sciences-economiques\/wp-content\/uploads\/sites\/25\/2022\/11\/cout-economique-des-discriminations-300x68.png\" alt=\"\" width=\"300\" height=\"68\" srcset=\"https:\/\/site.ac-martinique.fr\/sciences-economiques\/wp-content\/uploads\/sites\/25\/2022\/11\/cout-economique-des-discriminations-300x68.png 300w, https:\/\/site.ac-martinique.fr\/sciences-economiques\/wp-content\/uploads\/sites\/25\/2022\/11\/cout-economique-des-discriminations-1024x233.png 1024w, https:\/\/site.ac-martinique.fr\/sciences-economiques\/wp-content\/uploads\/sites\/25\/2022\/11\/cout-economique-des-discriminations-768x174.png 768w, https:\/\/site.ac-martinique.fr\/sciences-economiques\/wp-content\/uploads\/sites\/25\/2022\/11\/cout-economique-des-discriminations-1536x349.png 1536w, https:\/\/site.ac-martinique.fr\/sciences-economiques\/wp-content\/uploads\/sites\/25\/2022\/11\/cout-economique-des-discriminations.png 1788w\" sizes=\"auto, (max-width: 300px) 100vw, 300px\" \/><\/a><\/p>\n<p>R\u00e9alis\u00e9e \u00e0 partir du rapport de France Strat\u00e9gie\u00a0sur\u00a0<a href=\"https:\/\/www.strategie.gouv.fr\/publications\/cout-economique-discriminations\" target=\"_blank\" rel=\"noopener\">le co\u00fbt \u00e9conomique des discriminations<\/a>, cette mise en activit\u00e9 r\u00e9alis\u00e9e\u00a0par\u00a0Gaby-Sandra <strong>Ren\u00e9-Corail<\/strong> et Line <strong>Richer<\/strong>, professeurs de sciences \u00e9conomiques et sociales, acad\u00e9mie de Martinique), propose des\u00a0activit\u00e9s p\u00e9dagogiques\u00a0pour travailler avec les \u00e9l\u00e8ves des notions des programmes de SES de Premi\u00e8re \u00a0et Terminale.<\/p>\n","protected":false},"excerpt":{"rendered":"<p>Les \u00ab\u00a0mises en activit\u00e9\u00a0\u00bb, lanc\u00e9es \u00e0 la rentr\u00e9e 2018, sont un relais entre les publications de France Strat\u00e9gie et un public lyc\u00e9en accompagn\u00e9 par ses enseignants, principalement en sciences \u00e9conomiques. Elles sont au nombre de trois par ann\u00e9e scolaire. Ces &hellip; <a href=\"https:\/\/site.ac-martinique.fr\/sciences-economiques\/?page_id=1446\">Continuer la lecture <span class=\"meta-nav\">&rarr;<\/span><\/a><\/p>\n","protected":false},"author":81,"featured_media":0,"parent":1338,"menu_order":2,"comment_status":"closed","ping_status":"closed","template":"","meta":{"footnotes":"","_links_to":"","_links_to_target":""},"class_list":["post-1446","page","type-page","status-publish","hentry"],"_links":{"self":[{"href":"https:\/\/site.ac-martinique.fr\/sciences-economiques\/index.php?rest_route=\/wp\/v2\/pages\/1446","targetHints":{"allow":["GET"]}}],"collection":[{"href":"https:\/\/site.ac-martinique.fr\/sciences-economiques\/index.php?rest_route=\/wp\/v2\/pages"}],"about":[{"href":"https:\/\/site.ac-martinique.fr\/sciences-economiques\/index.php?rest_route=\/wp\/v2\/types\/page"}],"author":[{"embeddable":true,"href":"https:\/\/site.ac-martinique.fr\/sciences-economiques\/index.php?rest_route=\/wp\/v2\/users\/81"}],"replies":[{"embeddable":true,"href":"https:\/\/site.ac-martinique.fr\/sciences-economiques\/index.php?rest_route=%2Fwp%2Fv2%2Fcomments&post=1446"}],"version-history":[{"count":1,"href":"https:\/\/site.ac-martinique.fr\/sciences-economiques\/index.php?rest_route=\/wp\/v2\/pages\/1446\/revisions"}],"predecessor-version":[{"id":1449,"href":"https:\/\/site.ac-martinique.fr\/sciences-economiques\/index.php?rest_route=\/wp\/v2\/pages\/1446\/revisions\/1449"}],"up":[{"embeddable":true,"href":"https:\/\/site.ac-martinique.fr\/sciences-economiques\/index.php?rest_route=\/wp\/v2\/pages\/1338"}],"wp:attachment":[{"href":"https:\/\/site.ac-martinique.fr\/sciences-economiques\/index.php?rest_route=%2Fwp%2Fv2%2Fmedia&parent=1446"}],"curies":[{"name":"wp","href":"https:\/\/api.w.org\/{rel}","templated":true}]}}