{"id":1578,"date":"2023-05-05T10:33:01","date_gmt":"2023-05-05T14:33:01","guid":{"rendered":"https:\/\/site.ac-martinique.fr\/sciences-economiques\/?page_id=1578"},"modified":"2023-06-19T19:01:45","modified_gmt":"2023-06-19T23:01:45","slug":"guides-grand-oral-et-fiche-repere-pour-le-3eme-trimestre-de-la-classe-terminale","status":"publish","type":"page","link":"https:\/\/site.ac-martinique.fr\/sciences-economiques\/?page_id=1578","title":{"rendered":"Guides Grand Oral et Fiche rep\u00e8re pour le 3\u00e8me trimestre de la classe terminale"},"content":{"rendered":"<p>Fiche rep\u00e8re pour enseigner en terminale au troisi\u00e8me trimestre :\u00a0<a href=\"https:\/\/site.ac-martinique.fr\/sciences-economiques\/wp-content\/uploads\/sites\/25\/2023\/05\/fiche-repere-pour-le-3e-trimestre-terminale.pdf\" target=\"_blank\" rel=\"noopener\">acc\u00e8s \u00e0 la fiche rep\u00e8re<\/a><\/p>\n<p>Guide pour le Grand oral par discipline (actualis\u00e9 en Janvier 2023) :\u00a0<a href=\"https:\/\/site.ac-martinique.fr\/sciences-economiques\/wp-content\/uploads\/sites\/25\/2023\/05\/guide-par-discipline_janvier2023.pdf\" target=\"_blank\" rel=\"noopener\">acc\u00e8s au guide<\/a><\/p>\n<p>Foire aux questions :\u00a0<a href=\"https:\/\/site.ac-martinique.fr\/sciences-economiques\/wp-content\/uploads\/sites\/25\/2023\/05\/foire-aux-questions.pdf\" target=\"_blank\" rel=\"noopener\">acc\u00e8s \u00e0 la FAQ<\/a><\/p>\n<p>Questions de relance :\u00a0<a href=\"https:\/\/site.ac-martinique.fr\/sciences-economiques\/wp-content\/uploads\/sites\/25\/2023\/05\/QUESTIONS-DE-RELANCE.pdf\" target=\"_blank\" rel=\"noopener\">acc\u00e8s aux questions<\/a><\/p>\n","protected":false},"excerpt":{"rendered":"<p>Fiche rep\u00e8re pour enseigner en terminale au troisi\u00e8me trimestre :\u00a0acc\u00e8s \u00e0 la fiche rep\u00e8re Guide pour le Grand oral par discipline (actualis\u00e9 en Janvier 2023) :\u00a0acc\u00e8s au guide Foire aux questions :\u00a0acc\u00e8s \u00e0 la FAQ Questions de relance :\u00a0acc\u00e8s aux &hellip; <a href=\"https:\/\/site.ac-martinique.fr\/sciences-economiques\/?page_id=1578\">Continuer la lecture <span class=\"meta-nav\">&rarr;<\/span><\/a><\/p>\n","protected":false},"author":81,"featured_media":0,"parent":969,"menu_order":4,"comment_status":"closed","ping_status":"closed","template":"","meta":{"footnotes":"","_links_to":"","_links_to_target":""},"class_list":["post-1578","page","type-page","status-publish","hentry"],"_links":{"self":[{"href":"https:\/\/site.ac-martinique.fr\/sciences-economiques\/index.php?rest_route=\/wp\/v2\/pages\/1578","targetHints":{"allow":["GET"]}}],"collection":[{"href":"https:\/\/site.ac-martinique.fr\/sciences-economiques\/index.php?rest_route=\/wp\/v2\/pages"}],"about":[{"href":"https:\/\/site.ac-martinique.fr\/sciences-economiques\/index.php?rest_route=\/wp\/v2\/types\/page"}],"author":[{"embeddable":true,"href":"https:\/\/site.ac-martinique.fr\/sciences-economiques\/index.php?rest_route=\/wp\/v2\/users\/81"}],"replies":[{"embeddable":true,"href":"https:\/\/site.ac-martinique.fr\/sciences-economiques\/index.php?rest_route=%2Fwp%2Fv2%2Fcomments&post=1578"}],"version-history":[{"count":4,"href":"https:\/\/site.ac-martinique.fr\/sciences-economiques\/index.php?rest_route=\/wp\/v2\/pages\/1578\/revisions"}],"predecessor-version":[{"id":1625,"href":"https:\/\/site.ac-martinique.fr\/sciences-economiques\/index.php?rest_route=\/wp\/v2\/pages\/1578\/revisions\/1625"}],"up":[{"embeddable":true,"href":"https:\/\/site.ac-martinique.fr\/sciences-economiques\/index.php?rest_route=\/wp\/v2\/pages\/969"}],"wp:attachment":[{"href":"https:\/\/site.ac-martinique.fr\/sciences-economiques\/index.php?rest_route=%2Fwp%2Fv2%2Fmedia&parent=1578"}],"curies":[{"name":"wp","href":"https:\/\/api.w.org\/{rel}","templated":true}]}}