{"id":1675,"date":"2023-11-20T10:51:44","date_gmt":"2023-11-20T14:51:44","guid":{"rendered":"https:\/\/site.ac-martinique.fr\/sciences-economiques\/?page_id=1675"},"modified":"2023-11-20T10:52:49","modified_gmt":"2023-11-20T14:52:49","slug":"liste-des-murs-collaboratifs-disponibles","status":"publish","type":"page","link":"https:\/\/site.ac-martinique.fr\/sciences-economiques\/?page_id=1675","title":{"rendered":"Liste des murs collaboratifs disponibles"},"content":{"rendered":"<p>Des murs collaboratifs sont disponibles dans la rubrique &#8220;Mutualisation&#8221;, ceux destin\u00e9s aux \u00e9l\u00e8ves sont libres d&#8217;acc\u00e8s. Ils ont \u00e9t\u00e9 r\u00e9alis\u00e9s par les \u00e9quipiers num\u00e9riques et le IAN.<\/p>\n<p><strong>JAUNET Arnaud<\/strong>\u00a0:\u00a0<strong>In\u00e9galit\u00e9s et justice sociale<\/strong><\/p>\n<p><strong>MOREAU G\u00e9raldine\u00a0: Quelles mutations du travail et de l\u2019emploi\u00a0?<\/strong><\/p>\n<p><strong>NEREE Ena :\u00a0<\/strong>\u00a0<strong>Quelle est l\u2019action de l\u2019\u00e9cole sur les destins individuels et sur l\u2019\u00e9volution de la soci\u00e9t\u00e9 ?<\/strong><\/p>\n<p><strong>RENE-CORAIL Sandra Gaby :\u00a0<\/strong>\u00a0<strong>Comment expliquer les crises financi\u00e8res et r\u00e9guler le syst\u00e8me financier ?<\/strong><\/p>\n","protected":false},"excerpt":{"rendered":"<p>Des murs collaboratifs sont disponibles dans la rubrique &#8220;Mutualisation&#8221;, ceux destin\u00e9s aux \u00e9l\u00e8ves sont libres d&#8217;acc\u00e8s. Ils ont \u00e9t\u00e9 r\u00e9alis\u00e9s par les \u00e9quipiers num\u00e9riques et le IAN. JAUNET Arnaud\u00a0:\u00a0In\u00e9galit\u00e9s et justice sociale MOREAU G\u00e9raldine\u00a0: Quelles mutations du travail et de &hellip; <a href=\"https:\/\/site.ac-martinique.fr\/sciences-economiques\/?page_id=1675\">Continuer la lecture <span class=\"meta-nav\">&rarr;<\/span><\/a><\/p>\n","protected":false},"author":81,"featured_media":0,"parent":974,"menu_order":3,"comment_status":"closed","ping_status":"closed","template":"","meta":{"footnotes":"","_links_to":"","_links_to_target":""},"class_list":["post-1675","page","type-page","status-publish","hentry"],"_links":{"self":[{"href":"https:\/\/site.ac-martinique.fr\/sciences-economiques\/index.php?rest_route=\/wp\/v2\/pages\/1675","targetHints":{"allow":["GET"]}}],"collection":[{"href":"https:\/\/site.ac-martinique.fr\/sciences-economiques\/index.php?rest_route=\/wp\/v2\/pages"}],"about":[{"href":"https:\/\/site.ac-martinique.fr\/sciences-economiques\/index.php?rest_route=\/wp\/v2\/types\/page"}],"author":[{"embeddable":true,"href":"https:\/\/site.ac-martinique.fr\/sciences-economiques\/index.php?rest_route=\/wp\/v2\/users\/81"}],"replies":[{"embeddable":true,"href":"https:\/\/site.ac-martinique.fr\/sciences-economiques\/index.php?rest_route=%2Fwp%2Fv2%2Fcomments&post=1675"}],"version-history":[{"count":1,"href":"https:\/\/site.ac-martinique.fr\/sciences-economiques\/index.php?rest_route=\/wp\/v2\/pages\/1675\/revisions"}],"predecessor-version":[{"id":1676,"href":"https:\/\/site.ac-martinique.fr\/sciences-economiques\/index.php?rest_route=\/wp\/v2\/pages\/1675\/revisions\/1676"}],"up":[{"embeddable":true,"href":"https:\/\/site.ac-martinique.fr\/sciences-economiques\/index.php?rest_route=\/wp\/v2\/pages\/974"}],"wp:attachment":[{"href":"https:\/\/site.ac-martinique.fr\/sciences-economiques\/index.php?rest_route=%2Fwp%2Fv2%2Fmedia&parent=1675"}],"curies":[{"name":"wp","href":"https:\/\/api.w.org\/{rel}","templated":true}]}}