{"id":304,"date":"2015-11-18T20:19:24","date_gmt":"2015-11-18T19:19:24","guid":{"rendered":"\/seminairecollegesaintemarie\/?page_id=304"},"modified":"2015-11-18T20:27:01","modified_gmt":"2015-11-18T19:27:01","slug":"cdi","status":"publish","type":"page","link":"https:\/\/site.ac-martinique.fr\/seminairecollegesaintemarie\/?page_id=304","title":{"rendered":"CDI"},"content":{"rendered":"<p><strong>E-sidoc<\/strong> est le <strong>portail documentaire du CDI.<\/strong><br class=\"autobr\" \/>Vous pourrez y rechercher tous les documents du CDI (livres, articles de revues, sites web s\u00e9lectionn\u00e9s).<\/p>\n<p>Vous y trouverez \u00e9galement tout ce qui concerne le CDI\u00a0: nouveaux documents, coups de coeur du documentaliste et des \u00e9l\u00e8ves, expositions, \u00e9v\u00e9nements, etc&#8230;<\/p>\n<p><a href=\"http:\/\/9720829u.esidoc.fr\/\">E-sidoc<\/a><\/p>\n","protected":false},"excerpt":{"rendered":"<p>E-sidoc est le portail documentaire du CDI.Vous pourrez y rechercher tous les documents du CDI (livres, articles de revues, sites web s\u00e9lectionn\u00e9s). Vous y trouverez \u00e9galement tout ce qui concerne le CDI\u00a0: nouveaux documents, coups de coeur du documentaliste et &hellip; <a href=\"https:\/\/site.ac-martinique.fr\/seminairecollegesaintemarie\/?page_id=304\">Continuer la lecture <span class=\"meta-nav\">&rarr;<\/span><\/a><\/p>\n","protected":false},"author":175,"featured_media":0,"parent":0,"menu_order":0,"comment_status":"closed","ping_status":"closed","template":"","meta":{"footnotes":""},"class_list":["post-304","page","type-page","status-publish","hentry"],"_links":{"self":[{"href":"https:\/\/site.ac-martinique.fr\/seminairecollegesaintemarie\/index.php?rest_route=\/wp\/v2\/pages\/304","targetHints":{"allow":["GET"]}}],"collection":[{"href":"https:\/\/site.ac-martinique.fr\/seminairecollegesaintemarie\/index.php?rest_route=\/wp\/v2\/pages"}],"about":[{"href":"https:\/\/site.ac-martinique.fr\/seminairecollegesaintemarie\/index.php?rest_route=\/wp\/v2\/types\/page"}],"author":[{"embeddable":true,"href":"https:\/\/site.ac-martinique.fr\/seminairecollegesaintemarie\/index.php?rest_route=\/wp\/v2\/users\/175"}],"replies":[{"embeddable":true,"href":"https:\/\/site.ac-martinique.fr\/seminairecollegesaintemarie\/index.php?rest_route=%2Fwp%2Fv2%2Fcomments&post=304"}],"version-history":[{"count":4,"href":"https:\/\/site.ac-martinique.fr\/seminairecollegesaintemarie\/index.php?rest_route=\/wp\/v2\/pages\/304\/revisions"}],"predecessor-version":[{"id":309,"href":"https:\/\/site.ac-martinique.fr\/seminairecollegesaintemarie\/index.php?rest_route=\/wp\/v2\/pages\/304\/revisions\/309"}],"wp:attachment":[{"href":"https:\/\/site.ac-martinique.fr\/seminairecollegesaintemarie\/index.php?rest_route=%2Fwp%2Fv2%2Fmedia&parent=304"}],"curies":[{"name":"wp","href":"https:\/\/api.w.org\/{rel}","templated":true}]}}