{"id":204,"date":"2023-06-27T14:32:25","date_gmt":"2023-06-27T18:32:25","guid":{"rendered":"https:\/\/site.ac-martinique.fr\/sti2d1d\/?page_id=204"},"modified":"2024-03-14T17:18:57","modified_gmt":"2024-03-14T21:18:57","slug":"transat-tara","status":"publish","type":"page","link":"https:\/\/site.ac-martinique.fr\/sti2d1d\/?page_id=204","title":{"rendered":"Transat Jacques Vabre"},"content":{"rendered":"\n<p>Tous les deux ans, au mois de novembre, depuis le port du Havre, prennent le large des bateaux \u00e0 voile multicoques et monocoques. Ils participent \u00e0 la quinzi\u00e8me \u00e9dition de la Transat Jacques Vabre, une course transatlantique en double (deux navigateurs par bateau), qui dure environ trois semaines.<\/p>\n\n\n\n<div class=\"wp-block-columns is-layout-flex wp-container-core-columns-is-layout-d0b3c9c8 wp-block-columns-is-layout-flex\">\n<div class=\"wp-block-column is-vertically-aligned-center is-layout-flow wp-block-column-is-layout-flow\" style=\"--col-width:50%;flex-basis:50%\">\n<figure class=\"wp-block-image size-large is-resized is-style-tw-rounded-corners\"><img loading=\"lazy\" decoding=\"async\" width=\"1024\" height=\"642\" src=\"https:\/\/site.ac-martinique.fr\/sti2d1d\/wp-content\/uploads\/sites\/123\/2024\/03\/image-4-1024x642.png\" alt=\"\" class=\"wp-image-452\" style=\"width:413px;height:auto\" srcset=\"https:\/\/site.ac-martinique.fr\/sti2d1d\/wp-content\/uploads\/sites\/123\/2024\/03\/image-4-1024x642.png 1024w, https:\/\/site.ac-martinique.fr\/sti2d1d\/wp-content\/uploads\/sites\/123\/2024\/03\/image-4-300x188.png 300w, https:\/\/site.ac-martinique.fr\/sti2d1d\/wp-content\/uploads\/sites\/123\/2024\/03\/image-4-768x481.png 768w, https:\/\/site.ac-martinique.fr\/sti2d1d\/wp-content\/uploads\/sites\/123\/2024\/03\/image-4-1140x714.png 1140w, https:\/\/site.ac-martinique.fr\/sti2d1d\/wp-content\/uploads\/sites\/123\/2024\/03\/image-4.png 1248w\" sizes=\"auto, (max-width: 1024px) 100vw, 1024px\" \/><\/figure>\n<\/div>\n\n\n\n<div class=\"wp-block-column is-vertically-aligned-center is-layout-flow wp-block-column-is-layout-flow\" style=\"--col-width:50%;flex-basis:50%\">\n<p>Le projet \u00ab\u00a0Transat Jacques Vabre : carnet de voyage\u00a0\u00bb vise \u00e0 enrichir les connaissances des \u00e9l\u00e8ves du primaire sur le monde nautique et maritime, tout en renfor\u00e7ant l&rsquo;acquisition de comp\u00e9tences dans divers domaines disciplinaires tels que l&rsquo;EPS, le fran\u00e7ais, les math\u00e9matiques, les sciences-EDD, l&rsquo;histoire et la g\u00e9ographie, l&rsquo;EMC, la langue et la culture r\u00e9gionale, les langues vivantes \u00e9trang\u00e8res, les arts plastiques et visuels, et l&rsquo;\u00e9ducation musicale. Ce projet se d\u00e9compose en cinq \u00ab\u00a0TRANS&rsquo;ACTIONS\u00a0\u00bb.<\/p>\n<\/div>\n<\/div>\n\n\n\n<div class=\"wp-block-columns is-layout-flex wp-container-core-columns-is-layout-d0b3c9c8 wp-block-columns-is-layout-flex\">\n<div class=\"wp-block-column is-vertically-aligned-center is-layout-flow wp-block-column-is-layout-flow\" style=\"--col-width:66.66%;flex-basis:66.66%\">\n<p>Les \u00e9l\u00e8ves sont invit\u00e9s \u00e0 cr\u00e9er un carnet de voyage selon le format de leur choix (num\u00e9rique, plastique, oral, etc.), illustrant les connaissances acquises dans les domaines mentionn\u00e9s ci-dessus. Les Conseillers P\u00e9dagogiques D\u00e9partementaux (CPD) accompagneront les diff\u00e9rentes \u00e9tapes en fonction des missions qui leur sont confi\u00e9es.<\/p>\n\n\n\n<p>Ces actions s&rsquo;inscrivent dans une continuit\u00e9 p\u00e9dagogique \u00e0 long terme, notamment \u00e0 travers la r\u00e9alisation de projets pluridisciplinaires au niveau de la classe, de l&rsquo;\u00e9cole ou de la circonscription, ainsi que la participation des classes \u00e0 divers projets men\u00e9s par les missions acad\u00e9miques. Ces projets peuvent aborder des th\u00e9matiques vari\u00e9es telles que la mer, l&rsquo;histoire coloniale transatlantique, la biodiversit\u00e9 et l&rsquo;EDD, l&rsquo;innovation scientifique, les math\u00e9matiques et la navigation, les arts et la culture, etc.<\/p>\n<\/div>\n\n\n\n<div class=\"wp-block-column is-vertically-aligned-center is-layout-flow wp-block-column-is-layout-flow\" style=\"--col-width:33.33%;flex-basis:33.33%\">\n<figure class=\"wp-block-image size-full is-resized is-style-tw-rounded-corners\"><img loading=\"lazy\" decoding=\"async\" width=\"384\" height=\"574\" src=\"https:\/\/site.ac-martinique.fr\/sti2d1d\/wp-content\/uploads\/sites\/123\/2024\/03\/image-5.png\" alt=\"\" class=\"wp-image-453\" style=\"width:239px;height:auto\" srcset=\"https:\/\/site.ac-martinique.fr\/sti2d1d\/wp-content\/uploads\/sites\/123\/2024\/03\/image-5.png 384w, https:\/\/site.ac-martinique.fr\/sti2d1d\/wp-content\/uploads\/sites\/123\/2024\/03\/image-5-201x300.png 201w\" sizes=\"auto, (max-width: 384px) 100vw, 384px\" \/><\/figure>\n<\/div>\n<\/div>\n\n\n<div class=\"wp-block-image is-style-tw-rounded-corners\">\n<figure class=\"aligncenter size-full\"><img loading=\"lazy\" decoding=\"async\" width=\"961\" height=\"680\" src=\"https:\/\/site.ac-martinique.fr\/sti2d1d\/wp-content\/uploads\/sites\/123\/2024\/03\/image-3.png\" alt=\"\" class=\"wp-image-451\" srcset=\"https:\/\/site.ac-martinique.fr\/sti2d1d\/wp-content\/uploads\/sites\/123\/2024\/03\/image-3.png 961w, https:\/\/site.ac-martinique.fr\/sti2d1d\/wp-content\/uploads\/sites\/123\/2024\/03\/image-3-300x212.png 300w, https:\/\/site.ac-martinique.fr\/sti2d1d\/wp-content\/uploads\/sites\/123\/2024\/03\/image-3-768x543.png 768w\" sizes=\"auto, (max-width: 961px) 100vw, 961px\" \/><\/figure>\n<\/div>\n\n\n<p><strong>Des ressources p\u00e9dagogiques\u2026 et autres liens<\/strong><\/p>\n\n\n\n<ul class=\"wp-block-list\">\n<li><a rel=\"noreferrer noopener\" href=\"https:\/\/eduscol.education.fr\/83\/j-enseigne-au-cycle-1\" target=\"_blank\">https:\/\/eduscol.education.fr\/83\/j-enseigne-au-cycle-1<\/a><\/li>\n\n\n\n<li><a rel=\"noreferrer noopener\" href=\"https:\/\/eduscol.education.fr\/84\/j-enseigne-au-cycle-2\" target=\"_blank\">https:\/\/eduscol.education.fr\/84\/j-enseigne-au-cycle-2<\/a><\/li>\n\n\n\n<li><a href=\"https:\/\/cache.media.eduscol.education.fr\/file\/Cycle_3\/97\/3\/CETACE_cahier-pedagogique_1322973.pdf\">https:\/\/edusol.education.fr\/87\/j-enseigne-au-cycle-3<\/a><\/li>\n\n\n\n<li>L\u2019EAC :&nbsp;<a href=\"https:\/\/www.education.gouv.fr\/l-education-artistique-et-culturelle-7496\">L\u2019\u00e9ducation artistique et culturelle | Minist\u00e8re de l\u2019Education Nationale de la Jeunesse et des Sports<\/a><\/li>\n\n\n\n<li>Kit p\u00e9dagogique de la Fondation de la Mer (sur Eduscol) :\n<ul class=\"wp-block-list\">\n<li><a href=\"https:\/\/cache.media.eduscol.education.fr\/file\/Cycle_3\/97\/3\/CETACE_cahier-pedagogique_1322973.pdf\">https:\/\/cache.media.eduscol.education.fr\/file\/Cycle_3\/97\/3\/CETACE_cahier-pedagogique_1322973.pdf<\/a><\/li>\n\n\n\n<li><a rel=\"noreferrer noopener\" href=\"https:\/\/cache.media.eduscol.education.fr\/file\/Cycle_3\/97\/5\/CETACE_livret-enseignant_1322975.pdf\" target=\"_blank\">https:\/\/cache.media.eduscol.education.fr\/file\/Cycle_3\/97\/5\/CETACE_livret-enseignant_1322975.pdf<\/a><\/li>\n<\/ul>\n<\/li>\n\n\n\n<li>Eduscol Maternelle : les bateaux :&nbsp;<a href=\"https:\/\/cache.media.eduscol.education.fr\/file\/Explorer\/20\/5\/Ress_c1_Explorer_bateaux_528205.pdf\">Ress_c1_Explorer_bateaux_528205.pdf (education.fr)<\/a><\/li>\n<\/ul>\n\n\n\n<figure class=\"wp-block-image is-style-tw-rounded-corners\"><img decoding=\"async\" src=\"https:\/\/site.ac-martinique.fr\/transatjacquesvabre\/wp-content\/uploads\/sites\/86\/2021\/10\/1images-1-150x142.jpg\" alt=\"\" class=\"wp-image-415\"\/><\/figure>\n\n\n\n<ul class=\"wp-block-list\">\n<li>Teaser de la r\u00e9gate TJV 2021 :&nbsp;<a href=\"https:\/\/www.youtube.com\/watch?v=gc76rRsKOiM\" target=\"_blank\" rel=\"noreferrer noopener\">https:\/\/www.youtube.com\/watch?v=gc76rRsKOiM<\/a><\/li>\n\n\n\n<li>Escape game \u201cPanique \u00e0 la Transat Jacques Vabre\u201d (fiches p\u00e9dagogiques, carte, affiche, vid\u00e9os) :&nbsp;<a href=\"https:\/\/junior.transatjacquesvabre.org\/\" target=\"_blank\" rel=\"noreferrer noopener\">https:\/\/junior.transatjacquesvabre.org\/<\/a><\/li>\n\n\n\n<li>Podcast du \u201cCaf\u00e9 du jour\u201d avec Paul Meilhat, co-skipper de Apivia (Imoca), et Stan Thuret, skipper de Everial (Class40) sur la responsabilit\u00e9 environnementale :&nbsp;<a href=\"https:\/\/www.transatjacquesvabre.org\/fr\/actualites\/actualite\/2362\/ecoutez-l-episode-4-de-un-cafe-pour-la-route-le-podcast-propose-par-jacques-vabre\" target=\"_blank\" rel=\"noreferrer noopener\">https:\/\/www.transatjacquesvabre.org\/fr\/actualites\/actualite\/2362\/ecoutez-l-episode-4-de-un-cafe-pour-la-route-le-podcast-propose-par-jacques-vabre<\/a><\/li>\n\n\n\n<li>Jamy explique aux \u00e9l\u00e8ves les difficult\u00e9s de la travers\u00e9e de l\u2019Oc\u00e9an Atlantique (2019) :&nbsp;<a href=\"https:\/\/www.youtube.com\/watch?v=oUqwYmMHa_8\" target=\"_blank\" rel=\"noreferrer noopener\">https:\/\/www.youtube.com\/watch?v=oUqwYmMHa_8<\/a><\/li>\n\n\n\n<li>D\u00e9couvrez les skippers des 4 cat\u00e9gories. Votre classe en rencontrera certainement \u00e0 leur arriv\u00e9e :\n<ul class=\"wp-block-list\">\n<li><a href=\"https:\/\/www.transatjacquesvabre.org\/fr\/skippers\/class40\" target=\"_blank\" rel=\"noreferrer noopener\">https:\/\/www.transatjacquesvabre.org\/fr\/skippers\/class40<\/a><\/li>\n\n\n\n<li><a href=\"https:\/\/www.transatjacquesvabre.org\/fr\/skippers\/imoca\" target=\"_blank\" rel=\"noreferrer noopener\">https:\/\/www.transatjacquesvabre.org\/fr\/skippers\/imoca<\/a><\/li>\n\n\n\n<li><a href=\"https:\/\/www.transatjacquesvabre.org\/fr\/skippers\/ocean-fifty\" target=\"_blank\" rel=\"noreferrer noopener\">https:\/\/www.transatjacquesvabre.org\/fr\/skippers\/ocean-fifty<\/a><\/li>\n\n\n\n<li><a href=\"https:\/\/www.transatjacquesvabre.org\/fr\/skippers\/ultime\" target=\"_blank\" rel=\"noreferrer noopener\">https:\/\/www.transatjacquesvabre.org\/fr\/skippers\/ultime<\/a><\/li>\n<\/ul>\n<\/li>\n<\/ul>\n\n\n\n<p>Source : https:\/\/site.ac-martinique.fr\/transatjacquesvabre\/?page_id=213<\/p>\n\n\n\n<p> <\/p>\n","protected":false},"excerpt":{"rendered":"<p>Tous les deux ans, au mois de novembre, depuis le port du Havre, prennent le large des bateaux \u00e0 voile multicoques et monocoques. Ils participent \u00e0 la quinzi\u00e8me \u00e9dition de la Transat Jacques Vabre, une course transatlantique en double (deux navigateurs par bateau), qui dure environ trois semaines. Le projet \u00ab\u00a0Transat Jacques Vabre : carnet de voyage\u00a0\u00bb vise \u00e0 enrichir les connaissances des \u00e9l\u00e8ves du primaire sur le monde nautique et maritime, tout en renfor\u00e7ant l&rsquo;acquisition de comp\u00e9tences dans divers domaines disciplinaires tels que l&rsquo;EPS, le fran\u00e7ais, les math\u00e9matiques, les sciences-EDD, l&rsquo;histoire et la g\u00e9ographie, l&rsquo;EMC, la langue et la culture r\u00e9gionale, les langues vivantes \u00e9trang\u00e8res, les arts plastiques et visuels, et l&rsquo;\u00e9ducation musicale. Ce projet se d\u00e9compose en cinq \u00ab\u00a0TRANS&rsquo;ACTIONS\u00a0\u00bb. Les \u00e9l\u00e8ves sont invit\u00e9s \u00e0 cr\u00e9er un carnet de voyage selon le format de leur choix (num\u00e9rique, plastique, oral, etc.), illustrant les connaissances acquises dans les domaines mentionn\u00e9s ci-dessus. Les Conseillers P\u00e9dagogiques D\u00e9partementaux (CPD) accompagneront les diff\u00e9rentes \u00e9tapes en fonction des missions qui leur sont confi\u00e9es. Ces actions s&rsquo;inscrivent dans une continuit\u00e9 p\u00e9dagogique \u00e0 long terme, notamment \u00e0 travers la r\u00e9alisation de projets pluridisciplinaires au niveau de la classe, de l&rsquo;\u00e9cole ou de la circonscription, ainsi que la participation des classes \u00e0 divers projets men\u00e9s par les missions acad\u00e9miques. Ces projets peuvent aborder des th\u00e9matiques vari\u00e9es telles que la mer, l&rsquo;histoire coloniale transatlantique, la biodiversit\u00e9 et l&rsquo;EDD, l&rsquo;innovation scientifique, les math\u00e9matiques et la navigation, les arts et la culture, etc. Des ressources p\u00e9dagogiques\u2026 et autres liens Source : https:\/\/site.ac-martinique.fr\/transatjacquesvabre\/?page_id=213<\/p>\n","protected":false},"author":272,"featured_media":449,"parent":0,"menu_order":0,"comment_status":"closed","ping_status":"closed","template":"","meta":{"footnotes":""},"class_list":["post-204","page","type-page","status-publish","has-post-thumbnail","hentry"],"_links":{"self":[{"href":"https:\/\/site.ac-martinique.fr\/sti2d1d\/index.php?rest_route=\/wp\/v2\/pages\/204","targetHints":{"allow":["GET"]}}],"collection":[{"href":"https:\/\/site.ac-martinique.fr\/sti2d1d\/index.php?rest_route=\/wp\/v2\/pages"}],"about":[{"href":"https:\/\/site.ac-martinique.fr\/sti2d1d\/index.php?rest_route=\/wp\/v2\/types\/page"}],"author":[{"embeddable":true,"href":"https:\/\/site.ac-martinique.fr\/sti2d1d\/index.php?rest_route=\/wp\/v2\/users\/272"}],"replies":[{"embeddable":true,"href":"https:\/\/site.ac-martinique.fr\/sti2d1d\/index.php?rest_route=%2Fwp%2Fv2%2Fcomments&post=204"}],"version-history":[{"count":8,"href":"https:\/\/site.ac-martinique.fr\/sti2d1d\/index.php?rest_route=\/wp\/v2\/pages\/204\/revisions"}],"predecessor-version":[{"id":460,"href":"https:\/\/site.ac-martinique.fr\/sti2d1d\/index.php?rest_route=\/wp\/v2\/pages\/204\/revisions\/460"}],"wp:featuredmedia":[{"embeddable":true,"href":"https:\/\/site.ac-martinique.fr\/sti2d1d\/index.php?rest_route=\/wp\/v2\/media\/449"}],"wp:attachment":[{"href":"https:\/\/site.ac-martinique.fr\/sti2d1d\/index.php?rest_route=%2Fwp%2Fv2%2Fmedia&parent=204"}],"curies":[{"name":"wp","href":"https:\/\/api.w.org\/{rel}","templated":true}]}}