{"id":4315,"date":"2021-08-23T21:29:48","date_gmt":"2021-08-23T20:29:48","guid":{"rendered":"https:\/\/site.ac-martinique.fr\/svt\/?page_id=4315"},"modified":"2021-08-23T21:36:02","modified_gmt":"2021-08-23T20:36:02","slug":"socle-commun-de-connaissance-de-competences-et-de-culture","status":"publish","type":"page","link":"https:\/\/site.ac-martinique.fr\/svt\/?page_id=4315","title":{"rendered":"Socle Commun de Connaissance, de Comp\u00e9tences et de Culture"},"content":{"rendered":"\n<p>Le socle commun de connaissances, de comp\u00e9tences et de culture d\u00e9finit les comp\u00e9tences, bas\u00e9es sur des connaissances relevant des diff\u00e9rents domaines d&rsquo;enseignement, qu&rsquo;un \u00e9l\u00e8ve doit progressivement ma\u00eetriser pendant la scolarit\u00e9 obligatoire. Une culture scolaire commune est ainsi construite contin\u00fbment pendant les cycles 2, 3 et 4 couvrant l&rsquo;\u00e9cole \u00e9l\u00e9mentaire et le coll\u00e8ge.<\/p>\n\n\n\n<div class=\"wp-block-file\"><a href=\"https:\/\/site.ac-martinique.fr\/svt\/wp-content\/uploads\/sites\/97\/2021\/08\/Socle_commun_de_connaissances_de_competences_et_de_culture_415456_1126899.pdf\">Socle commun de connaissances de comp\u00e9tences et de culture<\/a><a href=\"https:\/\/site.ac-martinique.fr\/svt\/wp-content\/uploads\/sites\/97\/2021\/08\/Socle_commun_de_connaissances_de_competences_et_de_culture_415456_1126899.pdf\" class=\"wp-block-file__button\" download>T\u00e9l\u00e9charger<\/a><\/div>\n\n\n\n<p>De l&rsquo;\u00e9cole \u00e9l\u00e9mentaire au coll\u00e8ge, le livret scolaire d&rsquo;un \u00e9l\u00e8ve regroupe&nbsp;:<\/p>\n\n\n\n<ul class=\"wp-block-list\"><li>les bilans de fin des cycles pr\u00e9c\u00e9dents<\/li><li>les bilans p\u00e9riodiques du cycle en cours&nbsp;;<\/li><li>les attestations d\u00e9j\u00e0 obtenues&nbsp;: PSC1, ASSR 1 et 2, AER, attestation scolaire \u00ab\u00a0savoir-nager\u00a0\u00bb (ASSN).<\/li><\/ul>\n\n\n\n<div class=\"wp-block-file\"><a href=\"https:\/\/site.ac-martinique.fr\/svt\/wp-content\/uploads\/sites\/97\/2021\/08\/FicheTechLSU_ProfColl_630053_1126903.pdf\">Fiche Technique LSU<\/a><a href=\"https:\/\/site.ac-martinique.fr\/svt\/wp-content\/uploads\/sites\/97\/2021\/08\/FicheTechLSU_ProfColl_630053_1126903.pdf\" class=\"wp-block-file__button\" download>T\u00e9l\u00e9charger<\/a><\/div>\n","protected":false},"excerpt":{"rendered":"<p>Le socle commun de connaissances, de comp\u00e9tences et de culture d\u00e9finit les comp\u00e9tences, bas\u00e9es sur des connaissances relevant des diff\u00e9rents domaines d&rsquo;enseignement, qu&rsquo;un \u00e9l\u00e8ve doit progressivement ma\u00eetriser pendant la scolarit\u00e9 obligatoire. Une culture scolaire commune est ainsi construite contin\u00fbment pendant les cycles 2, 3 et 4 couvrant l&rsquo;\u00e9cole \u00e9l\u00e9mentaire et le coll\u00e8ge. De l&rsquo;\u00e9cole \u00e9l\u00e9mentaire &hellip; <\/p>\n<p><a class=\"more-link btn\" href=\"https:\/\/site.ac-martinique.fr\/svt\/?page_id=4315\">Lire la suite<\/a><\/p>\n","protected":false},"author":253,"featured_media":0,"parent":0,"menu_order":0,"comment_status":"closed","ping_status":"closed","template":"","meta":{"footnotes":""},"class_list":["post-4315","page","type-page","status-publish","hentry","nodate","item-wrap"],"_links":{"self":[{"href":"https:\/\/site.ac-martinique.fr\/svt\/index.php?rest_route=\/wp\/v2\/pages\/4315","targetHints":{"allow":["GET"]}}],"collection":[{"href":"https:\/\/site.ac-martinique.fr\/svt\/index.php?rest_route=\/wp\/v2\/pages"}],"about":[{"href":"https:\/\/site.ac-martinique.fr\/svt\/index.php?rest_route=\/wp\/v2\/types\/page"}],"author":[{"embeddable":true,"href":"https:\/\/site.ac-martinique.fr\/svt\/index.php?rest_route=\/wp\/v2\/users\/253"}],"replies":[{"embeddable":true,"href":"https:\/\/site.ac-martinique.fr\/svt\/index.php?rest_route=%2Fwp%2Fv2%2Fcomments&post=4315"}],"version-history":[{"count":3,"href":"https:\/\/site.ac-martinique.fr\/svt\/index.php?rest_route=\/wp\/v2\/pages\/4315\/revisions"}],"predecessor-version":[{"id":4320,"href":"https:\/\/site.ac-martinique.fr\/svt\/index.php?rest_route=\/wp\/v2\/pages\/4315\/revisions\/4320"}],"wp:attachment":[{"href":"https:\/\/site.ac-martinique.fr\/svt\/index.php?rest_route=%2Fwp%2Fv2%2Fmedia&parent=4315"}],"curies":[{"name":"wp","href":"https:\/\/api.w.org\/{rel}","templated":true}]}}