{"id":4420,"date":"2021-08-24T01:21:13","date_gmt":"2021-08-24T00:21:13","guid":{"rendered":"https:\/\/site.ac-martinique.fr\/svt\/?page_id=4420"},"modified":"2021-08-24T01:24:38","modified_gmt":"2021-08-24T00:24:38","slug":"programmes-college","status":"publish","type":"page","link":"https:\/\/site.ac-martinique.fr\/svt\/?page_id=4420","title":{"rendered":"Programmes Coll\u00e8ge"},"content":{"rendered":"\n<p>Acc\u00e8s \u00e0 Eduscol : cliquer <a rel=\"noreferrer noopener\" href=\"https:\/\/www.education.gouv.fr\/les-programmes-du-college-3203#Cycle_3_-_cycle_de_consolidation_CM1_CM2_et_classe_de_sixieme\" data-type=\"URL\" data-id=\"https:\/\/www.education.gouv.fr\/les-programmes-du-college-3203#Cycle_3_-_cycle_de_consolidation_CM1_CM2_et_classe_de_sixieme\" target=\"_blank\">ici<\/a><\/p>\n\n\n\n<div class=\"wp-block-file\"><a href=\"https:\/\/site.ac-martinique.fr\/svt\/wp-content\/uploads\/sites\/97\/2021\/08\/2015_programmes_cycles234_4_12_ok_508673_1136993.pdf\">Programmes cycles3\/4<\/a><a href=\"https:\/\/site.ac-martinique.fr\/svt\/wp-content\/uploads\/sites\/97\/2021\/08\/2015_programmes_cycles234_4_12_ok_508673_1136993.pdf\" class=\"wp-block-file__button\" download>T\u00e9l\u00e9charger<\/a><\/div>\n\n\n\n<h5 class=\"has-vivid-red-color has-text-color wp-block-heading\"><strong>Modifications des programmes appliqu\u00e9es \u00e0 la rentr\u00e9e 2020<\/strong><\/h5>\n\n\n\n<div class=\"wp-block-file\"><a href=\"https:\/\/site.ac-martinique.fr\/svt\/wp-content\/uploads\/sites\/97\/2021\/08\/Programme2020_cycle3_1327114.pdf\">Cycle3<\/a><a href=\"https:\/\/site.ac-martinique.fr\/svt\/wp-content\/uploads\/sites\/97\/2021\/08\/Programme2020_cycle3_1327114.pdf\" class=\"wp-block-file__button\" download>T\u00e9l\u00e9charger<\/a><\/div>\n\n\n\n<div class=\"wp-block-file\"><a href=\"https:\/\/site.ac-martinique.fr\/svt\/wp-content\/uploads\/sites\/97\/2021\/08\/Programme2020_cycle_4_1327115.pdf\">Cycle4<\/a><a href=\"https:\/\/site.ac-martinique.fr\/svt\/wp-content\/uploads\/sites\/97\/2021\/08\/Programme2020_cycle_4_1327115.pdf\" class=\"wp-block-file__button\" download>T\u00e9l\u00e9charger<\/a><\/div>\n\n\n\n<p><\/p>\n","protected":false},"excerpt":{"rendered":"<p>Acc\u00e8s \u00e0 Eduscol : cliquer ici Modifications des programmes appliqu\u00e9es \u00e0 la rentr\u00e9e 2020<\/p>\n","protected":false},"author":253,"featured_media":0,"parent":0,"menu_order":0,"comment_status":"closed","ping_status":"closed","template":"","meta":{"footnotes":""},"class_list":["post-4420","page","type-page","status-publish","hentry","nodate","item-wrap"],"_links":{"self":[{"href":"https:\/\/site.ac-martinique.fr\/svt\/index.php?rest_route=\/wp\/v2\/pages\/4420","targetHints":{"allow":["GET"]}}],"collection":[{"href":"https:\/\/site.ac-martinique.fr\/svt\/index.php?rest_route=\/wp\/v2\/pages"}],"about":[{"href":"https:\/\/site.ac-martinique.fr\/svt\/index.php?rest_route=\/wp\/v2\/types\/page"}],"author":[{"embeddable":true,"href":"https:\/\/site.ac-martinique.fr\/svt\/index.php?rest_route=\/wp\/v2\/users\/253"}],"replies":[{"embeddable":true,"href":"https:\/\/site.ac-martinique.fr\/svt\/index.php?rest_route=%2Fwp%2Fv2%2Fcomments&post=4420"}],"version-history":[{"count":2,"href":"https:\/\/site.ac-martinique.fr\/svt\/index.php?rest_route=\/wp\/v2\/pages\/4420\/revisions"}],"predecessor-version":[{"id":4427,"href":"https:\/\/site.ac-martinique.fr\/svt\/index.php?rest_route=\/wp\/v2\/pages\/4420\/revisions\/4427"}],"wp:attachment":[{"href":"https:\/\/site.ac-martinique.fr\/svt\/index.php?rest_route=%2Fwp%2Fv2%2Fmedia&parent=4420"}],"curies":[{"name":"wp","href":"https:\/\/api.w.org\/{rel}","templated":true}]}}

Programmes Collège

<p>Accès à Eduscol : cliquer <a rel="noreferrer noopener" href="https://www.education.gouv.fr/les-programmes-du-college-3203#Cycle_3_-_cycle_de_consolidation_CM1_CM2_et_classe_de_sixieme" data-type="URL" data-id="https://www.education.gouv.fr/les-programmes-du-college-3203#Cycle_3_-_cycle_de_consolidation_CM1_CM2_et_classe_de_sixieme" target="_blank">ici</a></p>



<div class="wp-block-file"><a href="https://site.ac-martinique.fr/svt/wp-content/uploads/sites/97/2021/08/2015_programmes_cycles234_4_12_ok_508673_1136993.pdf">Programmes cycles3/4</a><a href="https://site.ac-martinique.fr/svt/wp-content/uploads/sites/97/2021/08/2015_programmes_cycles234_4_12_ok_508673_1136993.pdf" class="wp-block-file__button" download>Télécharger</a></div>



<h5 class="has-vivid-red-color has-text-color wp-block-heading"><strong>Modifications des programmes appliquées à la rentrée 2020</strong></h5>



<div class="wp-block-file"><a href="https://site.ac-martinique.fr/svt/wp-content/uploads/sites/97/2021/08/Programme2020_cycle3_1327114.pdf">Cycle3</a><a href="https://site.ac-martinique.fr/svt/wp-content/uploads/sites/97/2021/08/Programme2020_cycle3_1327114.pdf" class="wp-block-file__button" download>Télécharger</a></div>



<div class="wp-block-file"><a href="https://site.ac-martinique.fr/svt/wp-content/uploads/sites/97/2021/08/Programme2020_cycle_4_1327115.pdf">Cycle4</a><a href="https://site.ac-martinique.fr/svt/wp-content/uploads/sites/97/2021/08/Programme2020_cycle_4_1327115.pdf" class="wp-block-file__button" download>Télécharger</a></div>



<p></p>

<p>Accès à Eduscol : cliquer ici Modifications des programmes appliquées à la rentrée 2020</p>
