{"id":4428,"date":"2021-08-24T01:25:16","date_gmt":"2021-08-24T00:25:16","guid":{"rendered":"https:\/\/site.ac-martinique.fr\/svt\/?page_id=4428"},"modified":"2023-12-11T20:32:17","modified_gmt":"2023-12-11T19:32:17","slug":"ressources-academiques-cycle-3","status":"publish","type":"page","link":"https:\/\/site.ac-martinique.fr\/svt\/?page_id=4428","title":{"rendered":"Ressources Acad\u00e9miques &#8211; Cycle 3"},"content":{"rendered":"\n<h5 class=\"wp-block-heading has-vivid-red-color has-text-color\">Sciences et Technologie<\/h5>\n\n\n\n<p>R\u00e9flexion commune, men\u00e9e par des enseignants de SVT, de Physique-Chimie, et de Technologie, sur les modalit\u00e9s de mise en oeuvre d\u2019un enseignement de Sciences et Technologie en classe de 6\u00e8me. Ces propositions peuvent constituer des pistes pour la pratique de l\u2019interdisciplinarit\u00e9<\/p>\n\n\n\n<div class=\"wp-block-file\"><a id=\"wp-block-file--media-2b055eeb-9e2e-46b5-92f8-637c7330f51d\" href=\"https:\/\/site.ac-martinique.fr\/svt\/wp-content\/uploads\/sites\/97\/2021\/08\/la-culture-de-lananas.pdf\">La culture de l&rsquo;ananas &#8211; Clg Basse-pointe\/Morne Rouge<\/a><a href=\"https:\/\/site.ac-martinique.fr\/svt\/wp-content\/uploads\/sites\/97\/2021\/08\/la-culture-de-lananas.pdf\" class=\"wp-block-file__button wp-element-button\" download aria-describedby=\"wp-block-file--media-2b055eeb-9e2e-46b5-92f8-637c7330f51d\">T\u00e9l\u00e9charger<\/a><\/div>\n\n\n\n<div class=\"wp-block-file\"><a id=\"wp-block-file--media-f765065d-c707-4e2f-93bf-63224c4ed470\" href=\"https:\/\/site.ac-martinique.fr\/svt\/wp-content\/uploads\/sites\/97\/2021\/08\/cycle-3-interdisciplinaire-1_1137009.pdf\">Face au r\u00e9chauffement climatique et la mont\u00e9e des eaux, diff\u00e9rentes probl\u00e9matiques<\/a><a href=\"https:\/\/site.ac-martinique.fr\/svt\/wp-content\/uploads\/sites\/97\/2021\/08\/cycle-3-interdisciplinaire-1_1137009.pdf\" class=\"wp-block-file__button wp-element-button\" download aria-describedby=\"wp-block-file--media-f765065d-c707-4e2f-93bf-63224c4ed470\">T\u00e9l\u00e9charger<\/a><\/div>\n\n\n\n<div class=\"wp-block-file\"><a id=\"wp-block-file--media-ad21dc1c-5ef1-495b-8fc0-90a965d77745\" href=\"https:\/\/site.ac-martinique.fr\/svt\/wp-content\/uploads\/sites\/97\/2021\/08\/Culture-du-cacao_College-Durable_Le-telephone-portable-et-la-station-meteorologique-Clg-Terreville_Vincent-Placoly_Carbet_Saint-pierre.pdf\">Culture du cacao\/College Durable\/Le telephone portable et la station meteorologique &#8211; Clg-Terreville\/Vincent Placoly\/Carbet\/Saint-pierre<\/a><a href=\"https:\/\/site.ac-martinique.fr\/svt\/wp-content\/uploads\/sites\/97\/2021\/08\/Culture-du-cacao_College-Durable_Le-telephone-portable-et-la-station-meteorologique-Clg-Terreville_Vincent-Placoly_Carbet_Saint-pierre.pdf\" class=\"wp-block-file__button wp-element-button\" download aria-describedby=\"wp-block-file--media-ad21dc1c-5ef1-495b-8fc0-90a965d77745\">T\u00e9l\u00e9charger<\/a><\/div>\n\n\n\n<div class=\"wp-block-file\"><a id=\"wp-block-file--media-b6871f55-04af-414b-8688-1a2ac3a76a4f\" href=\"https:\/\/site.ac-martinique.fr\/svt\/wp-content\/uploads\/sites\/97\/2021\/08\/A-la-decouverte-du-monde-sous-marin-du-rocher-du-Diamant-Clg-Anses-dArlet_Le-Diamant_Robert3_Trois-ilets.pdf\">A la decouverte du monde sous marin du rocher du Diamant &#8211; Clg-Anses-dArlet_Le-Diamant_Robert3_Trois-ilets<\/a><a href=\"https:\/\/site.ac-martinique.fr\/svt\/wp-content\/uploads\/sites\/97\/2021\/08\/A-la-decouverte-du-monde-sous-marin-du-rocher-du-Diamant-Clg-Anses-dArlet_Le-Diamant_Robert3_Trois-ilets.pdf\" class=\"wp-block-file__button wp-element-button\" download aria-describedby=\"wp-block-file--media-b6871f55-04af-414b-8688-1a2ac3a76a4f\">T\u00e9l\u00e9charger<\/a><\/div>\n\n\n\n<h5 class=\"wp-block-heading has-vivid-red-color has-text-color\">Taches complexes<\/h5>\n\n\n\n<div class=\"wp-block-file\"><a id=\"wp-block-file--media-25b31a5d-5a23-41f4-babd-85029c9a556b\" href=\"https:\/\/site.ac-martinique.fr\/svt\/wp-content\/uploads\/sites\/97\/2021\/08\/Notion-despece.pdf\">Notion d&rsquo;esp\u00e8ce<\/a><a href=\"https:\/\/site.ac-martinique.fr\/svt\/wp-content\/uploads\/sites\/97\/2021\/08\/Notion-despece.pdf\" class=\"wp-block-file__button wp-element-button\" download aria-describedby=\"wp-block-file--media-25b31a5d-5a23-41f4-babd-85029c9a556b\">T\u00e9l\u00e9charger<\/a><\/div>\n\n\n\n<div class=\"wp-block-file\"><a id=\"wp-block-file--media-2281c1a5-d800-4a79-aee8-304529164b4a\" href=\"https:\/\/site.ac-martinique.fr\/svt\/wp-content\/uploads\/sites\/97\/2021\/08\/Alimentation.pdf\">Alimentation<\/a><a href=\"https:\/\/site.ac-martinique.fr\/svt\/wp-content\/uploads\/sites\/97\/2021\/08\/Alimentation.pdf\" class=\"wp-block-file__button wp-element-button\" download aria-describedby=\"wp-block-file--media-2281c1a5-d800-4a79-aee8-304529164b4a\">T\u00e9l\u00e9charger<\/a><\/div>\n\n\n\n<div class=\"wp-block-file\"><a id=\"wp-block-file--media-f9861d0e-89cf-424a-b6f0-5d4b27dc5850\" href=\"https:\/\/site.ac-martinique.fr\/svt\/wp-content\/uploads\/sites\/97\/2021\/08\/Classification.pdf\">Classification<\/a><a href=\"https:\/\/site.ac-martinique.fr\/svt\/wp-content\/uploads\/sites\/97\/2021\/08\/Classification.pdf\" class=\"wp-block-file__button wp-element-button\" download aria-describedby=\"wp-block-file--media-f9861d0e-89cf-424a-b6f0-5d4b27dc5850\">T\u00e9l\u00e9charger<\/a><\/div>\n\n\n\n<h5 class=\"wp-block-heading has-vivid-red-color has-text-color\">PRoductions \u00c9quipe num\u00e9riques acad\u00e9mique<\/h5>\n\n\n\n<p><a href=\"https:\/\/site.ac-martinique.fr\/svt\/?page_id=5384\">cliquez-ici<\/a><\/p>\n","protected":false},"excerpt":{"rendered":"<p>Sciences et Technologie R\u00e9flexion commune, men\u00e9e par des enseignants de SVT, de Physique-Chimie, et de Technologie, sur les modalit\u00e9s de mise en oeuvre d\u2019un enseignement de Sciences et Technologie en classe de 6\u00e8me. Ces propositions peuvent constituer des pistes pour la pratique de l\u2019interdisciplinarit\u00e9 Taches complexes PRoductions \u00c9quipe num\u00e9riques acad\u00e9mique cliquez-ici<\/p>\n","protected":false},"author":253,"featured_media":0,"parent":0,"menu_order":0,"comment_status":"closed","ping_status":"closed","template":"","meta":{"footnotes":""},"class_list":["post-4428","page","type-page","status-publish","hentry","nodate","item-wrap"],"_links":{"self":[{"href":"https:\/\/site.ac-martinique.fr\/svt\/index.php?rest_route=\/wp\/v2\/pages\/4428","targetHints":{"allow":["GET"]}}],"collection":[{"href":"https:\/\/site.ac-martinique.fr\/svt\/index.php?rest_route=\/wp\/v2\/pages"}],"about":[{"href":"https:\/\/site.ac-martinique.fr\/svt\/index.php?rest_route=\/wp\/v2\/types\/page"}],"author":[{"embeddable":true,"href":"https:\/\/site.ac-martinique.fr\/svt\/index.php?rest_route=\/wp\/v2\/users\/253"}],"replies":[{"embeddable":true,"href":"https:\/\/site.ac-martinique.fr\/svt\/index.php?rest_route=%2Fwp%2Fv2%2Fcomments&post=4428"}],"version-history":[{"count":5,"href":"https:\/\/site.ac-martinique.fr\/svt\/index.php?rest_route=\/wp\/v2\/pages\/4428\/revisions"}],"predecessor-version":[{"id":5420,"href":"https:\/\/site.ac-martinique.fr\/svt\/index.php?rest_route=\/wp\/v2\/pages\/4428\/revisions\/5420"}],"wp:attachment":[{"href":"https:\/\/site.ac-martinique.fr\/svt\/index.php?rest_route=%2Fwp%2Fv2%2Fmedia&parent=4428"}],"curies":[{"name":"wp","href":"https:\/\/api.w.org\/{rel}","templated":true}]}}