{"id":4531,"date":"2021-08-24T16:07:27","date_gmt":"2021-08-24T15:07:27","guid":{"rendered":"https:\/\/site.ac-martinique.fr\/svt\/?page_id=4531"},"modified":"2023-06-05T15:57:16","modified_gmt":"2023-06-05T14:57:16","slug":"presentation-de-lenseignement-de-specialite-de-1ere","status":"publish","type":"page","link":"https:\/\/site.ac-martinique.fr\/svt\/?page_id=4531","title":{"rendered":"Pr\u00e9sentation de l&rsquo;Enseignement de sp\u00e9cialit\u00e9 de 1\u00e8re"},"content":{"rendered":"\n<h5 class=\"wp-block-heading has-vivid-red-color has-text-color\">Ressource produite par Mme GODARD &#8211; IA.IPR de SVT, Mme CLAVERIE, Mme ELY-MARIUS et Mme CHARLES-HELENE<\/h5>\n\n\n\n<figure class=\"wp-block-embed is-type-wp-embed is-provider-peertube wp-block-embed-peertube\"><div class=\"wp-block-embed__wrapper\">\n<iframe loading=\"lazy\" class=\"wp-embedded-content\" sandbox=\"allow-scripts\" security=\"restricted\" title=\"PRESENTATION Enseignement de sp\u00e9cialit\u00e9 - SVT 1\u00e8re\" width=\"560\" height=\"315\" src=\"https:\/\/tube-sciences-technologies.apps.education.fr\/videos\/embed\/08f2de82-2821-41de-9774-a609d8fc5930#?secret=ZBoTNckege\" data-secret=\"ZBoTNckege\" frameborder=\"0\"><\/iframe>\n<\/div><\/figure>\n","protected":false},"excerpt":{"rendered":"<p>Ressource produite par Mme GODARD &#8211; IA.IPR de SVT, Mme CLAVERIE, Mme ELY-MARIUS et Mme CHARLES-HELENE<\/p>\n","protected":false},"author":253,"featured_media":0,"parent":0,"menu_order":0,"comment_status":"closed","ping_status":"closed","template":"","meta":{"footnotes":""},"class_list":["post-4531","page","type-page","status-publish","hentry","nodate","item-wrap"],"_links":{"self":[{"href":"https:\/\/site.ac-martinique.fr\/svt\/index.php?rest_route=\/wp\/v2\/pages\/4531","targetHints":{"allow":["GET"]}}],"collection":[{"href":"https:\/\/site.ac-martinique.fr\/svt\/index.php?rest_route=\/wp\/v2\/pages"}],"about":[{"href":"https:\/\/site.ac-martinique.fr\/svt\/index.php?rest_route=\/wp\/v2\/types\/page"}],"author":[{"embeddable":true,"href":"https:\/\/site.ac-martinique.fr\/svt\/index.php?rest_route=\/wp\/v2\/users\/253"}],"replies":[{"embeddable":true,"href":"https:\/\/site.ac-martinique.fr\/svt\/index.php?rest_route=%2Fwp%2Fv2%2Fcomments&post=4531"}],"version-history":[{"count":3,"href":"https:\/\/site.ac-martinique.fr\/svt\/index.php?rest_route=\/wp\/v2\/pages\/4531\/revisions"}],"predecessor-version":[{"id":5298,"href":"https:\/\/site.ac-martinique.fr\/svt\/index.php?rest_route=\/wp\/v2\/pages\/4531\/revisions\/5298"}],"wp:attachment":[{"href":"https:\/\/site.ac-martinique.fr\/svt\/index.php?rest_route=%2Fwp%2Fv2%2Fmedia&parent=4531"}],"curies":[{"name":"wp","href":"https:\/\/api.w.org\/{rel}","templated":true}]}}