{"id":4646,"date":"2021-08-25T20:20:55","date_gmt":"2021-08-25T19:20:55","guid":{"rendered":"https:\/\/site.ac-martinique.fr\/svt\/?page_id=4646"},"modified":"2021-08-26T04:15:01","modified_gmt":"2021-08-26T03:15:01","slug":"fiches-programme-terminale-specialite","status":"publish","type":"page","link":"https:\/\/site.ac-martinique.fr\/svt\/?page_id=4646","title":{"rendered":"Fiches Programme &#8211; Terminale Sp\u00e9cialit\u00e9"},"content":{"rendered":"\n<p>Produites par le groupe de formateurs acad\u00e9miques, ces fiches mettent en lien pr\u00e9ambule, introduction et contenu de chacun des chapitres et sous chapitres des programmes.<\/p>\n\n\n\n<p>Elles rep\u00e8rent les nouveaut\u00e9s, les acquis, des utilisations possibles du num\u00e9rique et les exemples et ressources locales sur lesquels il est envisageable de s\u2019appuyer.<\/p>\n\n\n\n<p>Elles indiquent \u00e9galement les liens possibles avec les \u00e9ducations transversales, les ouvertures formations et m\u00e9tiers et le cas \u00e9ch\u00e9ant les ressources avec la lithoth\u00e8que.<\/p>\n\n\n\n<h4 class=\"has-vivid-red-color has-text-color wp-block-heading\"><strong>Th\u00e8me 1&nbsp;: La Terre, la vie et l\u2019organisation du vivant<\/strong><\/h4>\n\n\n\n<figure class=\"wp-block-table\"><table><tbody><tr><td>La conservation des g\u00e9nomes : stabilit\u00e9 g\u00e9n\u00e9tique et \u00e9volution clonale<\/td><td class=\"has-text-align-center\" data-align=\"center\">Word<\/td><td class=\"has-text-align-center\" data-align=\"center\"><a href=\"https:\/\/site.ac-martinique.fr\/svt\/wp-content\/uploads\/sites\/97\/2021\/08\/Th1Chap1SsChap11Conservationgenome_1330561.pdf\" data-type=\"URL\" data-id=\"https:\/\/site.ac-martinique.fr\/svt\/wp-content\/uploads\/sites\/97\/2021\/08\/Th1Chap1SsChap11Conservationgenome_1330561.pdf\" target=\"_blank\" rel=\"noreferrer noopener\">PDF<\/a><\/td><\/tr><tr><td>Le brassage des g\u00e9nomes \u00e0 chaque g\u00e9n\u00e9ration : la reproduction sexu\u00e9e des eucaryotes<\/td><td class=\"has-text-align-center\" data-align=\"center\"> <a href=\"https:\/\/site.ac-martinique.fr\/svt\/wp-content\/uploads\/sites\/97\/2021\/08\/Th1Chap1SsChap12Brassage_1330562.docx\" data-type=\"URL\" data-id=\"https:\/\/site.ac-martinique.fr\/svt\/wp-content\/uploads\/sites\/97\/2021\/08\/Th1Chap1SsChap12Brassage_1330562.docx\" target=\"_blank\" rel=\"noreferrer noopener\">Word<\/a> <\/td><td class=\"has-text-align-center\" data-align=\"center\"><a href=\"https:\/\/site.ac-martinique.fr\/svt\/wp-content\/uploads\/sites\/97\/2021\/08\/Th1Chap1SsChap12Brassage_1330563.pdf\" data-type=\"URL\" data-id=\"https:\/\/site.ac-martinique.fr\/svt\/wp-content\/uploads\/sites\/97\/2021\/08\/Th1Chap1SsChap12Brassage_1330563.pdf\" target=\"_blank\" rel=\"noreferrer noopener\"> PDF<\/a> <\/td><\/tr><tr><td>Comprendre les r\u00e9sultats de la reproduction sexu\u00e9e : principes de base de la g\u00e9n\u00e9tique<\/td><td class=\"has-text-align-center\" data-align=\"center\"> <a href=\"https:\/\/site.ac-martinique.fr\/svt\/wp-content\/uploads\/sites\/97\/2021\/08\/Th1Chap1SsChap13Reprosexuee_1330564.docx\" data-type=\"URL\" data-id=\"https:\/\/site.ac-martinique.fr\/svt\/wp-content\/uploads\/sites\/97\/2021\/08\/Th1Chap1SsChap13Reprosexuee_1330564.docx\" target=\"_blank\" rel=\"noreferrer noopener\">Word<\/a> <\/td><td class=\"has-text-align-center\" data-align=\"center\"><a href=\"https:\/\/site.ac-martinique.fr\/svt\/wp-content\/uploads\/sites\/97\/2021\/08\/Th1Chap1SsChap13Reprosexuee_1330565.pdf\" data-type=\"URL\" data-id=\"https:\/\/site.ac-martinique.fr\/svt\/wp-content\/uploads\/sites\/97\/2021\/08\/Th1Chap1SsChap13Reprosexuee_1330565.pdf\" target=\"_blank\" rel=\"noreferrer noopener\"> PDF<\/a> <\/td><\/tr><tr><td>Les accidents g\u00e9n\u00e9tiques de la m\u00e9iose<\/td><td class=\"has-text-align-center\" data-align=\"center\"> <a href=\"https:\/\/site.ac-martinique.fr\/svt\/wp-content\/uploads\/sites\/97\/2021\/08\/Th1Chap1SsChap14Anomaliesmeiose_1330566.docx\" data-type=\"URL\" data-id=\"https:\/\/site.ac-martinique.fr\/svt\/wp-content\/uploads\/sites\/97\/2021\/08\/Th1Chap1SsChap14Anomaliesmeiose_1330566.docx\" target=\"_blank\" rel=\"noreferrer noopener\">Word<\/a> <\/td><td class=\"has-text-align-center\" data-align=\"center\"> <a href=\"https:\/\/site.ac-martinique.fr\/svt\/wp-content\/uploads\/sites\/97\/2021\/08\/Th1Chap1SsChap14Anomaliesmeiose_1330567.pdf\" data-type=\"URL\" data-id=\"https:\/\/site.ac-martinique.fr\/svt\/wp-content\/uploads\/sites\/97\/2021\/08\/Th1Chap1SsChap14Anomaliesmeiose_1330567.pdf\" target=\"_blank\" rel=\"noreferrer noopener\">PDF<\/a> <\/td><\/tr><tr><td>La complexification des g\u00e9nomes : transferts horizontaux et endosymbioses<\/td><td class=\"has-text-align-center\" data-align=\"center\"> <a href=\"https:\/\/site.ac-martinique.fr\/svt\/wp-content\/uploads\/sites\/97\/2021\/08\/Th1Chap1SsChap2Complexificationgenomes_1330568.docx\" data-type=\"URL\" data-id=\"https:\/\/site.ac-martinique.fr\/svt\/wp-content\/uploads\/sites\/97\/2021\/08\/Th1Chap1SsChap2Complexificationgenomes_1330568.docx\" target=\"_blank\" rel=\"noreferrer noopener\">Word<\/a> <\/td><td class=\"has-text-align-center\" data-align=\"center\"> <a href=\"https:\/\/site.ac-martinique.fr\/svt\/wp-content\/uploads\/sites\/97\/2021\/08\/Th1Chap1SsChap2Complexificationgenomes_1330569.pdf\" data-type=\"URL\" data-id=\"https:\/\/site.ac-martinique.fr\/svt\/wp-content\/uploads\/sites\/97\/2021\/08\/Th1Chap1SsChap2Complexificationgenomes_1330569.pdf\" target=\"_blank\" rel=\"noreferrer noopener\">PDF<\/a> <\/td><\/tr><tr><td>L\u2019in\u00e9luctable \u00e9volution des g\u00e9nomes<\/td><td class=\"has-text-align-center\" data-align=\"center\"> <a href=\"https:\/\/site.ac-martinique.fr\/svt\/wp-content\/uploads\/sites\/97\/2021\/08\/Th1Chap1SsChap3Evolutiongenomes_1330570.docx\" data-type=\"URL\" data-id=\"https:\/\/site.ac-martinique.fr\/svt\/wp-content\/uploads\/sites\/97\/2021\/08\/Th1Chap1SsChap3Evolutiongenomes_1330570.docx\" target=\"_blank\" rel=\"noreferrer noopener\">Word<\/a> <\/td><td class=\"has-text-align-center\" data-align=\"center\"><a href=\"https:\/\/site.ac-martinique.fr\/svt\/wp-content\/uploads\/sites\/97\/2021\/08\/Th1Chap1SsChap3Evolutiongenomes_1330571.pdf\" data-type=\"URL\" data-id=\"https:\/\/site.ac-martinique.fr\/svt\/wp-content\/uploads\/sites\/97\/2021\/08\/Th1Chap1SsChap3Evolutiongenomes_1330571.pdf\" target=\"_blank\" rel=\"noreferrer noopener\"> PDF<\/a> <\/td><\/tr><tr><td>D\u2019autres m\u00e9canismes contribuant \u00e0 la diversit\u00e9 du vivant<\/td><td class=\"has-text-align-center\" data-align=\"center\"> <a href=\"https:\/\/site.ac-martinique.fr\/svt\/wp-content\/uploads\/sites\/97\/2021\/08\/Th1Chap1SsChap4Autresmecanismesdiversite_1330572.docx\" data-type=\"URL\" data-id=\"https:\/\/site.ac-martinique.fr\/svt\/wp-content\/uploads\/sites\/97\/2021\/08\/Th1Chap1SsChap4Autresmecanismesdiversite_1330572.docx\" target=\"_blank\" rel=\"noreferrer noopener\">Word<\/a> <\/td><td class=\"has-text-align-center\" data-align=\"center\"><a href=\"https:\/\/site.ac-martinique.fr\/svt\/wp-content\/uploads\/sites\/97\/2021\/08\/Th1Chap1SsChap4Autresmecanismesdiversite_1330573.pdf\" data-type=\"URL\" data-id=\"https:\/\/site.ac-martinique.fr\/svt\/wp-content\/uploads\/sites\/97\/2021\/08\/Th1Chap1SsChap4Autresmecanismesdiversite_1330573.pdf\" target=\"_blank\" rel=\"noreferrer noopener\"> PDF<\/a> <\/td><\/tr><tr><td>Le temps et les roches<\/td><td class=\"has-text-align-center\" data-align=\"center\"> <a href=\"https:\/\/site.ac-martinique.fr\/svt\/wp-content\/uploads\/sites\/97\/2021\/08\/Th1Chap2SsChap1Tempsetroches_1330574.docx\" data-type=\"URL\" data-id=\"https:\/\/site.ac-martinique.fr\/svt\/wp-content\/uploads\/sites\/97\/2021\/08\/Th1Chap2SsChap1Tempsetroches_1330574.docx\" target=\"_blank\" rel=\"noreferrer noopener\">Word<\/a> <\/td><td class=\"has-text-align-center\" data-align=\"center\"><a href=\"https:\/\/site.ac-martinique.fr\/svt\/wp-content\/uploads\/sites\/97\/2021\/08\/Th1Chap2SsChap1Tempsetroches_1330575.pdf\" data-type=\"URL\" data-id=\"https:\/\/site.ac-martinique.fr\/svt\/wp-content\/uploads\/sites\/97\/2021\/08\/Th1Chap2SsChap1Tempsetroches_1330575.pdf\" target=\"_blank\" rel=\"noreferrer noopener\"> PDF<\/a> <\/td><\/tr><tr><td>Les traces du pass\u00e9 mouvement\u00e9 de la Terre (1\/2)<\/td><td class=\"has-text-align-center\" data-align=\"center\"><a href=\"https:\/\/site.ac-martinique.fr\/svt\/wp-content\/uploads\/sites\/97\/2021\/08\/Th1Chap2SsChap2TracespasseTerre_1330576.docx\" data-type=\"URL\" data-id=\"https:\/\/site.ac-martinique.fr\/svt\/wp-content\/uploads\/sites\/97\/2021\/08\/Th1Chap2SsChap2TracespasseTerre_1330576.docx\" target=\"_blank\" rel=\"noreferrer noopener\"> Word<\/a> <\/td><td class=\"has-text-align-center\" data-align=\"center\"><a href=\"https:\/\/site.ac-martinique.fr\/svt\/wp-content\/uploads\/sites\/97\/2021\/08\/Th1Chap2SsChap2TracespasseTerre_1330577.pdf\" data-type=\"URL\" data-id=\"https:\/\/site.ac-martinique.fr\/svt\/wp-content\/uploads\/sites\/97\/2021\/08\/Th1Chap2SsChap2TracespasseTerre_1330577.pdf\" target=\"_blank\" rel=\"noreferrer noopener\"> PDF<\/a> <\/td><\/tr><\/tbody><\/table><\/figure>\n\n\n\n<h4 class=\"has-vivid-red-color has-text-color wp-block-heading\"><strong>Th\u00e8me 2\u00a0: Enjeux contemporains de la plan\u00e8te<\/strong><\/h4>\n\n\n\n<figure class=\"wp-block-table\"><table><tbody><tr><td>L\u2019organisation fonctionnelle des plantes \u00e0 fleurs<\/td><td class=\"has-text-align-center\" data-align=\"center\"><a href=\"https:\/\/site.ac-martinique.fr\/svt\/wp-content\/uploads\/sites\/97\/2021\/08\/Th2Chap1SsChap1Organisationplante_1330578.docx\" data-type=\"URL\" data-id=\"https:\/\/site.ac-martinique.fr\/svt\/wp-content\/uploads\/sites\/97\/2021\/08\/Th2Chap1SsChap1Organisationplante_1330578.docx\" target=\"_blank\" rel=\"noreferrer noopener\">Word<\/a><\/td><td class=\"has-text-align-center\" data-align=\"center\"><a href=\"https:\/\/site.ac-martinique.fr\/svt\/wp-content\/uploads\/sites\/97\/2021\/08\/Th2Chap1SsChap1Organisationplante_1330579.pdf\" data-type=\"URL\" data-id=\"https:\/\/site.ac-martinique.fr\/svt\/wp-content\/uploads\/sites\/97\/2021\/08\/Th2Chap1SsChap1Organisationplante_1330579.pdf\" target=\"_blank\" rel=\"noreferrer noopener\">PDF<\/a><\/td><\/tr><tr><td>La plante, productrice de mati\u00e8re organique<\/td><td class=\"has-text-align-center\" data-align=\"center\"><a href=\"https:\/\/site.ac-martinique.fr\/svt\/wp-content\/uploads\/sites\/97\/2021\/08\/Th2Chap1SsChap2Planteproductrice_1330580.docx\" data-type=\"URL\" data-id=\"https:\/\/site.ac-martinique.fr\/svt\/wp-content\/uploads\/sites\/97\/2021\/08\/Th2Chap1SsChap2Planteproductrice_1330580.docx\" target=\"_blank\" rel=\"noreferrer noopener\">Word<\/a><\/td><td class=\"has-text-align-center\" data-align=\"center\"><a href=\"https:\/\/site.ac-martinique.fr\/svt\/wp-content\/uploads\/sites\/97\/2021\/08\/Th2Chap1SsChap2Planteproductrice_1330581.pdf\" data-type=\"URL\" data-id=\"https:\/\/site.ac-martinique.fr\/svt\/wp-content\/uploads\/sites\/97\/2021\/08\/Th2Chap1SsChap2Planteproductrice_1330581.pdf\" target=\"_blank\" rel=\"noreferrer noopener\">PDF<\/a><\/td><\/tr><tr><td>Reproduction de la plante entre vie fix\u00e9e et mobilit\u00e9<\/td><td class=\"has-text-align-center\" data-align=\"center\"><a href=\"https:\/\/site.ac-martinique.fr\/svt\/wp-content\/uploads\/sites\/97\/2021\/08\/Th2Chap1SsChap3Reproductionplante_1330582.docx\" data-type=\"URL\" data-id=\"https:\/\/site.ac-martinique.fr\/svt\/wp-content\/uploads\/sites\/97\/2021\/08\/Th2Chap1SsChap3Reproductionplante_1330582.docx\" target=\"_blank\" rel=\"noreferrer noopener\">Word<\/a><\/td><td class=\"has-text-align-center\" data-align=\"center\"><a href=\"https:\/\/site.ac-martinique.fr\/svt\/wp-content\/uploads\/sites\/97\/2021\/08\/Th2Chap1SsChap3Reproductionplante_1330583.pdf\" data-type=\"URL\" data-id=\"https:\/\/site.ac-martinique.fr\/svt\/wp-content\/uploads\/sites\/97\/2021\/08\/Th2Chap1SsChap3Reproductionplante_1330583.pdf\" target=\"_blank\" rel=\"noreferrer noopener\">PDF<\/a><\/td><\/tr><tr><td>La domestication des plantes<\/td><td class=\"has-text-align-center\" data-align=\"center\"> <a href=\"https:\/\/site.ac-martinique.fr\/svt\/wp-content\/uploads\/sites\/97\/2021\/08\/Th2Chap1SsChap4Domestication_1330584.docx\" data-type=\"URL\" data-id=\"https:\/\/site.ac-martinique.fr\/svt\/wp-content\/uploads\/sites\/97\/2021\/08\/Th2Chap1SsChap4Domestication_1330584.docx\" target=\"_blank\" rel=\"noreferrer noopener\">Word <\/a><\/td><td class=\"has-text-align-center\" data-align=\"center\"><a href=\"https:\/\/site.ac-martinique.fr\/svt\/wp-content\/uploads\/sites\/97\/2021\/08\/Th2Chap1SsChap4Domestication_1330585.pdf\" data-type=\"URL\" data-id=\"https:\/\/site.ac-martinique.fr\/svt\/wp-content\/uploads\/sites\/97\/2021\/08\/Th2Chap1SsChap4Domestication_1330585.pdf\" target=\"_blank\" rel=\"noreferrer noopener\"> PDF<\/a> <\/td><\/tr><tr><td>Reconstituer et comprendre les variations climatiques pass\u00e9es<\/td><td class=\"has-text-align-center\" data-align=\"center\"><a href=\"https:\/\/site.ac-martinique.fr\/svt\/wp-content\/uploads\/sites\/97\/2021\/08\/Th2Chap2SsChap1variationsclimat_1330586.docx\" data-type=\"URL\" data-id=\"https:\/\/site.ac-martinique.fr\/svt\/wp-content\/uploads\/sites\/97\/2021\/08\/Th2Chap2SsChap1variationsclimat_1330586.docx\" target=\"_blank\" rel=\"noreferrer noopener\"> Word <\/a><\/td><td class=\"has-text-align-center\" data-align=\"center\"> <a href=\"https:\/\/site.ac-martinique.fr\/svt\/wp-content\/uploads\/sites\/97\/2021\/08\/Th2Chap2SsChap1variationsclimat_1330587.pdf\" data-type=\"URL\" data-id=\"https:\/\/site.ac-martinique.fr\/svt\/wp-content\/uploads\/sites\/97\/2021\/08\/Th2Chap2SsChap1variationsclimat_1330587.pdf\" target=\"_blank\" rel=\"noreferrer noopener\">PDF<\/a> <\/td><\/tr><tr><td>Comprendre les cons\u00e9quences du r\u00e9chauffement climatique et les possibilit\u00e9s d\u2019actions<\/td><td class=\"has-text-align-center\" data-align=\"center\"> <a href=\"https:\/\/site.ac-martinique.fr\/svt\/wp-content\/uploads\/sites\/97\/2021\/08\/Th2Chap2SsChap2consequencesRC_1330588.docx\" data-type=\"URL\" data-id=\"https:\/\/site.ac-martinique.fr\/svt\/wp-content\/uploads\/sites\/97\/2021\/08\/Th2Chap2SsChap2consequencesRC_1330588.docx\" target=\"_blank\" rel=\"noreferrer noopener\">Word<\/a> <\/td><td class=\"has-text-align-center\" data-align=\"center\">  <\/td><\/tr><\/tbody><\/table><\/figure>\n\n\n\n<h4 class=\"has-vivid-red-color has-text-color wp-block-heading\"><strong>Th\u00e8me 3\u00a0: Corps humain et sant\u00e9<\/strong><\/h4>\n\n\n\n<figure class=\"wp-block-table\"><table><tbody><tr><td>Les r\u00e9flexes<\/td><td class=\"has-text-align-center\" data-align=\"center\"><a href=\"https:\/\/site.ac-martinique.fr\/svt\/wp-content\/uploads\/sites\/97\/2021\/08\/Th3Chap1SsChap1Reflexes_1330590.docx\" data-type=\"URL\" data-id=\"https:\/\/site.ac-martinique.fr\/svt\/wp-content\/uploads\/sites\/97\/2021\/08\/Th3Chap1SsChap1Reflexes_1330590.docx\" target=\"_blank\" rel=\"noreferrer noopener\">Word<\/a><\/td><td class=\"has-text-align-center\" data-align=\"center\"><a href=\"https:\/\/site.ac-martinique.fr\/svt\/wp-content\/uploads\/sites\/97\/2021\/08\/Th3Chap1SsChap1Reflexes_1330591.pdf\" data-type=\"URL\" data-id=\"https:\/\/site.ac-martinique.fr\/svt\/wp-content\/uploads\/sites\/97\/2021\/08\/Th3Chap1SsChap1Reflexes_1330591.pdf\" target=\"_blank\" rel=\"noreferrer noopener\">PDF<\/a><\/td><\/tr><tr><td>Cerveau et mouvement volontaire<\/td><td class=\"has-text-align-center\" data-align=\"center\"><a href=\"https:\/\/site.ac-martinique.fr\/svt\/wp-content\/uploads\/sites\/97\/2021\/08\/Th3Chap1SsChap2Mouvementvolontaire_1330592.docx\" data-type=\"URL\" data-id=\"https:\/\/site.ac-martinique.fr\/svt\/wp-content\/uploads\/sites\/97\/2021\/08\/Th3Chap1SsChap2Mouvementvolontaire_1330592.docx\" target=\"_blank\" rel=\"noreferrer noopener\"> Word<\/a> <\/td><td class=\"has-text-align-center\" data-align=\"center\"><a href=\"https:\/\/site.ac-martinique.fr\/svt\/wp-content\/uploads\/sites\/97\/2021\/08\/Th3Chap1SsChap2Mouvementvolontaire_1330593.pdf\" data-type=\"URL\" data-id=\"https:\/\/site.ac-martinique.fr\/svt\/wp-content\/uploads\/sites\/97\/2021\/08\/Th3Chap1SsChap2Mouvementvolontaire_1330593.pdf\" target=\"_blank\" rel=\"noreferrer noopener\"> PDF <\/a><\/td><\/tr><tr><td>Le cerveau, un organe fragile \u00e0 pr\u00e9server<\/td><td class=\"has-text-align-center\" data-align=\"center\"><a href=\"https:\/\/site.ac-martinique.fr\/svt\/wp-content\/uploads\/sites\/97\/2021\/08\/Th3Chap1SsChap3Cerveaufragile_1330594.docx\" data-type=\"URL\" data-id=\"https:\/\/site.ac-martinique.fr\/svt\/wp-content\/uploads\/sites\/97\/2021\/08\/Th3Chap1SsChap3Cerveaufragile_1330594.docx\" target=\"_blank\" rel=\"noreferrer noopener\"> Word <\/a><\/td><td class=\"has-text-align-center\" data-align=\"center\"><a href=\"https:\/\/site.ac-martinique.fr\/svt\/wp-content\/uploads\/sites\/97\/2021\/08\/Th3Chap1SsChap3Cerveaufragile_1330595.pdf\" data-type=\"URL\" data-id=\"https:\/\/site.ac-martinique.fr\/svt\/wp-content\/uploads\/sites\/97\/2021\/08\/Th3Chap1SsChap3Cerveaufragile_1330595.pdf\" target=\"_blank\" rel=\"noreferrer noopener\"> PDF <\/a><\/td><\/tr><tr><td>La cellule musculaire : une structure sp\u00e9cialis\u00e9e permettant son propre raccourcissement<\/td><td class=\"has-text-align-center\" data-align=\"center\"> <a href=\"https:\/\/site.ac-martinique.fr\/svt\/wp-content\/uploads\/sites\/97\/2021\/08\/Th3Chap2SsChap1Cellulemusculaire_1330596.docx\" data-type=\"URL\" data-id=\"https:\/\/site.ac-martinique.fr\/svt\/wp-content\/uploads\/sites\/97\/2021\/08\/Th3Chap2SsChap1Cellulemusculaire_1330596.docx\" target=\"_blank\" rel=\"noreferrer noopener\">Word <\/a><\/td><td class=\"has-text-align-center\" data-align=\"center\"> <a href=\"https:\/\/site.ac-martinique.fr\/svt\/wp-content\/uploads\/sites\/97\/2021\/08\/Th3Chap2SsChap1Cellulemusculaire_1330597.pdf\" data-type=\"URL\" data-id=\"https:\/\/site.ac-martinique.fr\/svt\/wp-content\/uploads\/sites\/97\/2021\/08\/Th3Chap2SsChap1Cellulemusculaire_1330597.pdf\" target=\"_blank\" rel=\"noreferrer noopener\">PDF<\/a> <\/td><\/tr><tr><td>Origine de l\u2019ATP n\u00e9cessaire \u00e0 la contraction de la cellule musculaire Nouveaut\u00e9s en termes de connaissance<\/td><td class=\"has-text-align-center\" data-align=\"center\"> <a href=\"https:\/\/site.ac-martinique.fr\/svt\/wp-content\/uploads\/sites\/97\/2021\/08\/Th3Chap2SsChap2OrigineATP_1330598.docx\" data-type=\"URL\" data-id=\"https:\/\/site.ac-martinique.fr\/svt\/wp-content\/uploads\/sites\/97\/2021\/08\/Th3Chap2SsChap2OrigineATP_1330598.docx\" target=\"_blank\" rel=\"noreferrer noopener\">Word<\/a> <\/td><td class=\"has-text-align-center\" data-align=\"center\"> <a href=\"https:\/\/site.ac-martinique.fr\/svt\/wp-content\/uploads\/sites\/97\/2021\/08\/Th3Chap2SsChap2OrigineATP_1330599.pdf\" data-type=\"URL\" data-id=\"https:\/\/site.ac-martinique.fr\/svt\/wp-content\/uploads\/sites\/97\/2021\/08\/Th3Chap2SsChap2OrigineATP_1330599.pdf\" target=\"_blank\" rel=\"noreferrer noopener\">PDF<\/a> <\/td><\/tr><tr><td>Le contr\u00f4le des flux de glucose, source essentielle d\u2019\u00e9nergie des cellules musculaires<\/td><td class=\"has-text-align-center\" data-align=\"center\"> <a href=\"https:\/\/site.ac-martinique.fr\/svt\/wp-content\/uploads\/sites\/97\/2021\/08\/Th3Chap2SsChap3Fluxglucose_1330600.docx\" data-type=\"URL\" data-id=\"https:\/\/site.ac-martinique.fr\/svt\/wp-content\/uploads\/sites\/97\/2021\/08\/Th3Chap2SsChap3Fluxglucose_1330600.docx\" target=\"_blank\" rel=\"noreferrer noopener\">Word<\/a> <\/td><td class=\"has-text-align-center\" data-align=\"center\"><a href=\"https:\/\/site.ac-martinique.fr\/svt\/wp-content\/uploads\/sites\/97\/2021\/08\/Th3Chap2SsChap3Fluxglucose_1330601.pdf\" data-type=\"URL\" data-id=\"https:\/\/site.ac-martinique.fr\/svt\/wp-content\/uploads\/sites\/97\/2021\/08\/Th3Chap2SsChap3Fluxglucose_1330601.pdf\" target=\"_blank\" rel=\"noreferrer noopener\"> PDF<\/a> <\/td><\/tr><tr><td>L\u2019adaptabilit\u00e9 de l\u2019organisme<\/td><td class=\"has-text-align-center\" data-align=\"center\"> <a href=\"https:\/\/site.ac-martinique.fr\/svt\/wp-content\/uploads\/sites\/97\/2021\/08\/Th3Chap3SsChap1Adaptabilite_1330602.docx\" data-type=\"URL\" data-id=\"https:\/\/site.ac-martinique.fr\/svt\/wp-content\/uploads\/sites\/97\/2021\/08\/Th3Chap3SsChap1Adaptabilite_1330602.docx\" target=\"_blank\" rel=\"noreferrer noopener\">Word<\/a> <\/td><td class=\"has-text-align-center\" data-align=\"center\">  <\/td><\/tr><tr><td>L\u2019organisme d\u00e9bord\u00e9 dans ses capacit\u00e9s d\u2019adaptation<\/td><td class=\"has-text-align-center\" data-align=\"center\"> <a href=\"https:\/\/site.ac-martinique.fr\/svt\/wp-content\/uploads\/sites\/97\/2021\/08\/Th3Chap3SsChap2Stresschronique_1330604.docx\" data-type=\"URL\" data-id=\"https:\/\/site.ac-martinique.fr\/svt\/wp-content\/uploads\/sites\/97\/2021\/08\/Th3Chap3SsChap2Stresschronique_1330604.docx\" target=\"_blank\" rel=\"noreferrer noopener\">Word <\/a><\/td><td class=\"has-text-align-center\" data-align=\"center\"><a href=\"https:\/\/site.ac-martinique.fr\/svt\/wp-content\/uploads\/sites\/97\/2021\/08\/Th3Chap3SsChap2Stresschronique_1330605.pdf\" data-type=\"URL\" data-id=\"https:\/\/site.ac-martinique.fr\/svt\/wp-content\/uploads\/sites\/97\/2021\/08\/Th3Chap3SsChap2Stresschronique_1330605.pdf\" target=\"_blank\" rel=\"noreferrer noopener\"> PDF<\/a> <\/td><\/tr><\/tbody><\/table><\/figure>\n","protected":false},"excerpt":{"rendered":"<p>Produites par le groupe de formateurs acad\u00e9miques, ces fiches mettent en lien pr\u00e9ambule, introduction et contenu de chacun des chapitres et sous chapitres des programmes. Elles rep\u00e8rent les nouveaut\u00e9s, les acquis, des utilisations possibles du num\u00e9rique et les exemples et ressources locales sur lesquels il est envisageable de s\u2019appuyer. Elles indiquent \u00e9galement les liens possibles &hellip; <\/p>\n<p><a class=\"more-link btn\" href=\"https:\/\/site.ac-martinique.fr\/svt\/?page_id=4646\">Lire la suite<\/a><\/p>\n","protected":false},"author":253,"featured_media":0,"parent":0,"menu_order":0,"comment_status":"closed","ping_status":"closed","template":"","meta":{"footnotes":""},"class_list":["post-4646","page","type-page","status-publish","hentry","nodate","item-wrap"],"_links":{"self":[{"href":"https:\/\/site.ac-martinique.fr\/svt\/index.php?rest_route=\/wp\/v2\/pages\/4646","targetHints":{"allow":["GET"]}}],"collection":[{"href":"https:\/\/site.ac-martinique.fr\/svt\/index.php?rest_route=\/wp\/v2\/pages"}],"about":[{"href":"https:\/\/site.ac-martinique.fr\/svt\/index.php?rest_route=\/wp\/v2\/types\/page"}],"author":[{"embeddable":true,"href":"https:\/\/site.ac-martinique.fr\/svt\/index.php?rest_route=\/wp\/v2\/users\/253"}],"replies":[{"embeddable":true,"href":"https:\/\/site.ac-martinique.fr\/svt\/index.php?rest_route=%2Fwp%2Fv2%2Fcomments&post=4646"}],"version-history":[{"count":10,"href":"https:\/\/site.ac-martinique.fr\/svt\/index.php?rest_route=\/wp\/v2\/pages\/4646\/revisions"}],"predecessor-version":[{"id":4703,"href":"https:\/\/site.ac-martinique.fr\/svt\/index.php?rest_route=\/wp\/v2\/pages\/4646\/revisions\/4703"}],"wp:attachment":[{"href":"https:\/\/site.ac-martinique.fr\/svt\/index.php?rest_route=%2Fwp%2Fv2%2Fmedia&parent=4646"}],"curies":[{"name":"wp","href":"https:\/\/api.w.org\/{rel}","templated":true}]}}