{"id":4911,"date":"2021-08-27T03:43:49","date_gmt":"2021-08-27T02:43:49","guid":{"rendered":"https:\/\/site.ac-martinique.fr\/svt\/?page_id=4911"},"modified":"2021-08-27T04:18:20","modified_gmt":"2021-08-27T03:18:20","slug":"pratiques-de-classe-et-numerique","status":"publish","type":"page","link":"https:\/\/site.ac-martinique.fr\/svt\/?page_id=4911","title":{"rendered":"Pratiques de classe et num\u00e9rique"},"content":{"rendered":"\n<h4 class=\"has-vivid-red-color has-text-color wp-block-heading\">Outils &#8211; Pr\u00e9sentation et prise en main<\/h4>\n\n\n\n<h6 class=\"wp-block-heading\">Rastop &#8211; Libmol<\/h6>\n\n\n\n<ul class=\"wp-block-list\"><li><strong> RasTop<\/strong> est un logiciel de visualisation des mol\u00e9cules en 3D<\/li><\/ul>\n\n\n\n<ul class=\"wp-block-list\"><li><strong>Libmol<\/strong> est un logiciel libre et gratuit, de visualisation de mol\u00e9cules accessible \u00e0 partir de l\u2019adresse\u00a0<a href=\"http:\/\/libmol.org\" target=\"_blank\" rel=\"noreferrer noopener\">http:\/\/libmol.org<\/a><\/li><\/ul>\n\n\n\n<div class=\"wp-block-file\"><a href=\"https:\/\/site.ac-martinique.fr\/svt\/wp-content\/uploads\/sites\/97\/2021\/08\/Fiche_activite_RASTOP_LIBMOL1_1129361.pdf\">Fiche de pr\u00e9sentation et prise en main pr\u00e9par\u00e9e par Mme ELY-MARIUS<\/a><a href=\"https:\/\/site.ac-martinique.fr\/svt\/wp-content\/uploads\/sites\/97\/2021\/08\/Fiche_activite_RASTOP_LIBMOL1_1129361.pdf\" class=\"wp-block-file__button\" download>T\u00e9l\u00e9charger<\/a><\/div>\n\n\n\n<p>T<a href=\"https:\/\/www.dropbox.com\/sh\/8mrniuas2uq5j69\/AACoRsmmXqfVJxIZZEoDcU2Ja?dl=0\" data-type=\"URL\" data-id=\"https:\/\/www.dropbox.com\/sh\/8mrniuas2uq5j69\/AACoRsmmXqfVJxIZZEoDcU2Ja?dl=0\" target=\"_blank\" rel=\"noreferrer noopener\">\u00e9l\u00e9charger Rastop<\/a><\/p>\n\n\n\n<h6 class=\"wp-block-heading\">PIX<\/h6>\n\n\n\n<p>Une plateforme pour d\u00e9velopper, \u00e9valuer et certifier les comp\u00e9tences num\u00e9riques<\/p>\n\n\n\n<div class=\"wp-block-file\"><a href=\"https:\/\/site.ac-martinique.fr\/svt\/wp-content\/uploads\/sites\/97\/2021\/08\/PresentationPix_1277121.pdf\">Pr\u00e9sentation Pix<\/a><a href=\"https:\/\/site.ac-martinique.fr\/svt\/wp-content\/uploads\/sites\/97\/2021\/08\/PresentationPix_1277121.pdf\" class=\"wp-block-file__button\" download>T\u00e9l\u00e9charger<\/a><\/div>\n\n\n\n<p><\/p>\n\n\n\n<h6 class=\"wp-block-heading\">Z\u00e9ro<strong> Noise Classroom<\/strong><\/h6>\n\n\n\n<p>Zero Noise Classroom est un utilitaire qui propose un chronom\u00e8tre et un outil de mesure du niveau sonore. Cet outil peut s\u2019av\u00e9rer utile lors de travaux de groupes par exemple. <\/p>\n\n\n\n<p>Il s\u2019agit d\u2019une extension gratuite disponible sur Google Chrome cr\u00e9\u00e9e par Manuel Llorens, professeur de math\u00e9matiques \u00e0 Madrid et sp\u00e9cialiste dans l&rsquo;innovation p\u00e9dagogique et l&rsquo;int\u00e9gration des TIC en classe.<\/p>\n\n\n\n<p><a href=\"https:\/\/chrome.google.com\/webstore\/detail\/zero-noise-classroom\/pgpkohbgbjmihckldcacljomfkkaogjd\/\" data-type=\"URL\" data-id=\"https:\/\/chrome.google.com\/webstore\/detail\/zero-noise-classroom\/pgpkohbgbjmihckldcacljomfkkaogjd\/\" target=\"_blank\" rel=\"noreferrer noopener\">Acc\u00e9der \u00e0 Zero Noise Classroom<\/a><\/p>\n","protected":false},"excerpt":{"rendered":"<p>Outils &#8211; Pr\u00e9sentation et prise en main Rastop &#8211; Libmol RasTop est un logiciel de visualisation des mol\u00e9cules en 3D Libmol est un logiciel libre et gratuit, de visualisation de mol\u00e9cules accessible \u00e0 partir de l\u2019adresse\u00a0http:\/\/libmol.org T\u00e9l\u00e9charger Rastop PIX Une plateforme pour d\u00e9velopper, \u00e9valuer et certifier les comp\u00e9tences num\u00e9riques Z\u00e9ro Noise Classroom Zero Noise Classroom &hellip; <\/p>\n<p><a class=\"more-link btn\" href=\"https:\/\/site.ac-martinique.fr\/svt\/?page_id=4911\">Lire la suite<\/a><\/p>\n","protected":false},"author":253,"featured_media":0,"parent":0,"menu_order":0,"comment_status":"closed","ping_status":"closed","template":"","meta":{"footnotes":""},"class_list":["post-4911","page","type-page","status-publish","hentry","nodate","item-wrap"],"_links":{"self":[{"href":"https:\/\/site.ac-martinique.fr\/svt\/index.php?rest_route=\/wp\/v2\/pages\/4911","targetHints":{"allow":["GET"]}}],"collection":[{"href":"https:\/\/site.ac-martinique.fr\/svt\/index.php?rest_route=\/wp\/v2\/pages"}],"about":[{"href":"https:\/\/site.ac-martinique.fr\/svt\/index.php?rest_route=\/wp\/v2\/types\/page"}],"author":[{"embeddable":true,"href":"https:\/\/site.ac-martinique.fr\/svt\/index.php?rest_route=\/wp\/v2\/users\/253"}],"replies":[{"embeddable":true,"href":"https:\/\/site.ac-martinique.fr\/svt\/index.php?rest_route=%2Fwp%2Fv2%2Fcomments&post=4911"}],"version-history":[{"count":6,"href":"https:\/\/site.ac-martinique.fr\/svt\/index.php?rest_route=\/wp\/v2\/pages\/4911\/revisions"}],"predecessor-version":[{"id":4919,"href":"https:\/\/site.ac-martinique.fr\/svt\/index.php?rest_route=\/wp\/v2\/pages\/4911\/revisions\/4919"}],"wp:attachment":[{"href":"https:\/\/site.ac-martinique.fr\/svt\/index.php?rest_route=%2Fwp%2Fv2%2Fmedia&parent=4911"}],"curies":[{"name":"wp","href":"https:\/\/api.w.org\/{rel}","templated":true}]}}