{"id":4932,"date":"2021-08-27T16:56:03","date_gmt":"2021-08-27T15:56:03","guid":{"rendered":"https:\/\/site.ac-martinique.fr\/svt\/?page_id=4932"},"modified":"2021-08-28T03:17:34","modified_gmt":"2021-08-28T02:17:34","slug":"milieu-local-et-regional-2","status":"publish","type":"page","link":"https:\/\/site.ac-martinique.fr\/svt\/?page_id=4932","title":{"rendered":"Milieu local et r\u00e9gional"},"content":{"rendered":"\n<div class=\"wp-block-image\"><figure class=\"aligncenter size-large\"><a href=\"https:\/\/site.ac-martinique.fr\/svt\/wp-content\/uploads\/sites\/97\/2021\/08\/pelee-scaled.jpg\"><img loading=\"lazy\" decoding=\"async\" width=\"1024\" height=\"461\" src=\"https:\/\/site.ac-martinique.fr\/svt\/wp-content\/uploads\/sites\/97\/2021\/08\/pelee-1024x461.jpg\" alt=\"\" class=\"wp-image-4968\" srcset=\"https:\/\/site.ac-martinique.fr\/svt\/wp-content\/uploads\/sites\/97\/2021\/08\/pelee-1024x461.jpg 1024w, https:\/\/site.ac-martinique.fr\/svt\/wp-content\/uploads\/sites\/97\/2021\/08\/pelee-300x135.jpg 300w, https:\/\/site.ac-martinique.fr\/svt\/wp-content\/uploads\/sites\/97\/2021\/08\/pelee-768x346.jpg 768w, https:\/\/site.ac-martinique.fr\/svt\/wp-content\/uploads\/sites\/97\/2021\/08\/pelee-1536x692.jpg 1536w, https:\/\/site.ac-martinique.fr\/svt\/wp-content\/uploads\/sites\/97\/2021\/08\/pelee-2048x923.jpg 2048w\" sizes=\"auto, (max-width: 1024px) 100vw, 1024px\" \/><\/a><figcaption>cr\u00e9dit photo : Nicolas Buisson<\/figcaption><\/figure><\/div>\n\n\n\n<h5 class=\"wp-block-heading\"><a href=\"https:\/\/site.ac-martinique.fr\/svt\/?page_id=4944\" data-type=\"URL\" data-id=\"https:\/\/site.ac-martinique.fr\/svt\/?page_id=4944\">La Lithoth\u00e8que<\/a><\/h5>\n\n\n\n<h5 class=\"wp-block-heading\"><a href=\"https:\/\/site.ac-martinique.fr\/svt\/?page_id=4949\" data-type=\"URL\" data-id=\"https:\/\/site.ac-martinique.fr\/svt\/?page_id=4949\">Sites d&rsquo;int\u00e9r\u00eat remarquable<\/a><\/h5>\n","protected":false},"excerpt":{"rendered":"<p>La Lithoth\u00e8que Sites d&rsquo;int\u00e9r\u00eat remarquable<\/p>\n","protected":false},"author":253,"featured_media":0,"parent":0,"menu_order":0,"comment_status":"closed","ping_status":"closed","template":"","meta":{"footnotes":""},"class_list":["post-4932","page","type-page","status-publish","hentry","nodate","item-wrap"],"_links":{"self":[{"href":"https:\/\/site.ac-martinique.fr\/svt\/index.php?rest_route=\/wp\/v2\/pages\/4932","targetHints":{"allow":["GET"]}}],"collection":[{"href":"https:\/\/site.ac-martinique.fr\/svt\/index.php?rest_route=\/wp\/v2\/pages"}],"about":[{"href":"https:\/\/site.ac-martinique.fr\/svt\/index.php?rest_route=\/wp\/v2\/types\/page"}],"author":[{"embeddable":true,"href":"https:\/\/site.ac-martinique.fr\/svt\/index.php?rest_route=\/wp\/v2\/users\/253"}],"replies":[{"embeddable":true,"href":"https:\/\/site.ac-martinique.fr\/svt\/index.php?rest_route=%2Fwp%2Fv2%2Fcomments&post=4932"}],"version-history":[{"count":4,"href":"https:\/\/site.ac-martinique.fr\/svt\/index.php?rest_route=\/wp\/v2\/pages\/4932\/revisions"}],"predecessor-version":[{"id":4969,"href":"https:\/\/site.ac-martinique.fr\/svt\/index.php?rest_route=\/wp\/v2\/pages\/4932\/revisions\/4969"}],"wp:attachment":[{"href":"https:\/\/site.ac-martinique.fr\/svt\/index.php?rest_route=%2Fwp%2Fv2%2Fmedia&parent=4932"}],"curies":[{"name":"wp","href":"https:\/\/api.w.org\/{rel}","templated":true}]}}