{"id":5216,"date":"2022-12-02T15:38:39","date_gmt":"2022-12-02T14:38:39","guid":{"rendered":"https:\/\/site.ac-martinique.fr\/svt\/?page_id=5216"},"modified":"2022-12-02T15:38:39","modified_gmt":"2022-12-02T14:38:39","slug":"rencontres-chlordecone-2022","status":"publish","type":"page","link":"https:\/\/site.ac-martinique.fr\/svt\/?page_id=5216","title":{"rendered":"Rencontres Chlord\u00e9cone 2022"},"content":{"rendered":"\n<p>Les Rencontres Chlord\u00e9cone 2022 se tiendront du 12 au 16 d\u00e9cembre 2022. <\/p>\n\n\n\n<p>Elle d\u00e9buteront le 12 et le 14 en Guadeloupe par le colloque scientifique \u00ab Chlord\u00e9cone : conna\u00eetre pour agir \u00bb, organis\u00e9 par le Comit\u00e9 de pilotage scientifique national (CPSN) chlord\u00e9cone et la Coordination locale de la recherche sur la chlord\u00e9cone aux Antilles (CLoReCA). <\/p>\n\n\n\n<p>Rendez-vous en Martinique le 15 d\u00e9cembre au Lorrain et le 16 d\u00e9cembre au Palais des Congr\u00e8s de Madiana. Organis\u00e9es par la Pr\u00e9fecture, l\u2019Agence R\u00e9gionale de Sant\u00e9 et la Ville du Lorrain  ces Rencontres Chlord\u00e9cone en Martinique ont pour objectif de permettre \u00e0 la population de s\u2019informer pour mieux agir au quotidien. <\/p>\n\n\n\n<p>Les \u00e9v\u00e9nements sont gratuits et ouverts \u00e0 totes et \u00e0 tolus!<\/p>\n\n\n\n<p>Programme et inscriptions :  <a rel=\"noreferrer noopener\" href=\"https:\/\/www.rencontreschlordecone2022.fr\/\" target=\"_blank\">Rencontres Chlord\u00e9cone 2022<\/a><\/p>\n\n\n\n<figure class=\"wp-block-image size-large\"><a href=\"https:\/\/site.ac-martinique.fr\/svt\/wp-content\/uploads\/sites\/97\/2022\/12\/Rencontres-chlordecone-Affiche-generique-copie-2-scaled.jpg\"><img loading=\"lazy\" decoding=\"async\" width=\"731\" height=\"1024\" src=\"https:\/\/site.ac-martinique.fr\/svt\/wp-content\/uploads\/sites\/97\/2022\/12\/Rencontres-chlordecone-Affiche-generique-copie-2-731x1024.jpg\" alt=\"\" class=\"wp-image-5218\" srcset=\"https:\/\/site.ac-martinique.fr\/svt\/wp-content\/uploads\/sites\/97\/2022\/12\/Rencontres-chlordecone-Affiche-generique-copie-2-731x1024.jpg 731w, https:\/\/site.ac-martinique.fr\/svt\/wp-content\/uploads\/sites\/97\/2022\/12\/Rencontres-chlordecone-Affiche-generique-copie-2-214x300.jpg 214w, https:\/\/site.ac-martinique.fr\/svt\/wp-content\/uploads\/sites\/97\/2022\/12\/Rencontres-chlordecone-Affiche-generique-copie-2-768x1075.jpg 768w, https:\/\/site.ac-martinique.fr\/svt\/wp-content\/uploads\/sites\/97\/2022\/12\/Rencontres-chlordecone-Affiche-generique-copie-2-1097x1536.jpg 1097w, https:\/\/site.ac-martinique.fr\/svt\/wp-content\/uploads\/sites\/97\/2022\/12\/Rencontres-chlordecone-Affiche-generique-copie-2-1463x2048.jpg 1463w, https:\/\/site.ac-martinique.fr\/svt\/wp-content\/uploads\/sites\/97\/2022\/12\/Rencontres-chlordecone-Affiche-generique-copie-2-scaled.jpg 1828w\" sizes=\"auto, (max-width: 731px) 100vw, 731px\" \/><\/a><\/figure>\n","protected":false},"excerpt":{"rendered":"<p>Les Rencontres Chlord\u00e9cone 2022 se tiendront du 12 au 16 d\u00e9cembre 2022. Elle d\u00e9buteront le 12 et le 14 en Guadeloupe par le colloque scientifique \u00ab Chlord\u00e9cone : conna\u00eetre pour agir \u00bb, organis\u00e9 par le Comit\u00e9 de pilotage scientifique national (CPSN) chlord\u00e9cone et la Coordination locale de la recherche sur la chlord\u00e9cone aux Antilles (CLoReCA). &hellip; <\/p>\n<p><a class=\"more-link btn\" href=\"https:\/\/site.ac-martinique.fr\/svt\/?page_id=5216\">Lire la suite<\/a><\/p>\n","protected":false},"author":253,"featured_media":0,"parent":0,"menu_order":0,"comment_status":"closed","ping_status":"closed","template":"","meta":{"footnotes":""},"class_list":["post-5216","page","type-page","status-publish","hentry","nodate","item-wrap"],"_links":{"self":[{"href":"https:\/\/site.ac-martinique.fr\/svt\/index.php?rest_route=\/wp\/v2\/pages\/5216","targetHints":{"allow":["GET"]}}],"collection":[{"href":"https:\/\/site.ac-martinique.fr\/svt\/index.php?rest_route=\/wp\/v2\/pages"}],"about":[{"href":"https:\/\/site.ac-martinique.fr\/svt\/index.php?rest_route=\/wp\/v2\/types\/page"}],"author":[{"embeddable":true,"href":"https:\/\/site.ac-martinique.fr\/svt\/index.php?rest_route=\/wp\/v2\/users\/253"}],"replies":[{"embeddable":true,"href":"https:\/\/site.ac-martinique.fr\/svt\/index.php?rest_route=%2Fwp%2Fv2%2Fcomments&post=5216"}],"version-history":[{"count":2,"href":"https:\/\/site.ac-martinique.fr\/svt\/index.php?rest_route=\/wp\/v2\/pages\/5216\/revisions"}],"predecessor-version":[{"id":5219,"href":"https:\/\/site.ac-martinique.fr\/svt\/index.php?rest_route=\/wp\/v2\/pages\/5216\/revisions\/5219"}],"wp:attachment":[{"href":"https:\/\/site.ac-martinique.fr\/svt\/index.php?rest_route=%2Fwp%2Fv2%2Fmedia&parent=5216"}],"curies":[{"name":"wp","href":"https:\/\/api.w.org\/{rel}","templated":true}]}}