{"id":5476,"date":"2024-06-10T00:46:14","date_gmt":"2024-06-09T23:46:14","guid":{"rendered":"https:\/\/site.ac-martinique.fr\/svt\/?page_id=5476"},"modified":"2024-06-10T00:46:15","modified_gmt":"2024-06-09T23:46:15","slug":"olympiades-des-geosciences-edition-2022","status":"publish","type":"page","link":"https:\/\/site.ac-martinique.fr\/svt\/?page_id=5476","title":{"rendered":"Olympiades des G\u00e9osciences &#8211; \u00e9dition 2022"},"content":{"rendered":"\n<p>Cette ann\u00e9e, malgr\u00e9 un contexte particuli\u00e8rement difficile, 33 lyc\u00e9ens de 1\u00e8re de notre acad\u00e9mie, curieux et motiv\u00e9s, ont particip\u00e9 aux 16\u00e8me Olympiades de G\u00e9osciences. Ce concours participe \u00e0 enrichir la culture scientifique de nos jeunes et contribue \u00e0 leur parcours de formation et \u00e0 leur parcours citoyen. &nbsp;<\/p>\n\n\n\n<p>L\u2019engagement de tous les participants a \u00e9t\u00e9 valoris\u00e9 le vendredi 17 Juin 2022, lors d\u2019une originale c\u00e9r\u00e9monie acad\u00e9mique de remise du palmar\u00e8s et des prix.<\/p>\n\n\n\n<p>L\u2019Office De l\u2019Eau Martinique a offert \u00e0 nos \u00e9l\u00e8ves une journ\u00e9e d\u2019excursion en bateau \u00e0 vis\u00e9e p\u00e9dagogique et \u00e9ducative (histoire, g\u00e9ologie, Edcuation au Developpement Durable, Biologie, G\u00e9ographie), au cours de laquelle ils ont pu profiter d\u2019un circuit comment\u00e9 de la Baie de Fort-de-France jusqu\u2019au rocher du Diamant puis d\u2019une visio aquatique d\u2019observation des tortues marines aux Anses d\u2019Arlets.<\/p>\n\n\n\n<p>Ils ont \u00e9galement \u00e9t\u00e9 r\u00e9compens\u00e9s par de nombreux autres lots offerts par nos partenaires : Office de l\u2019Eau Martinique, Mutuelle MGPA, AXA Assurances (Ducos), Maroquinerie Alain H, Parc Naturel R\u00e9gional de Martinique.&nbsp;&nbsp;&nbsp;&nbsp;<\/p>\n\n\n\n<p><strong>Le palmar\u00e8s acad\u00e9mique est le suivant :<\/strong><\/p>\n\n\n\n<div class=\"wp-block-group\"><div class=\"wp-block-group__inner-container is-layout-flow wp-block-group-is-layout-flow\">\n<p class=\"has-vivid-cyan-blue-color has-text-color\"><strong>Laur\u00e9at acad\u00e9mique : M. DOSSO Victor, Lyc\u00e9e Frantz Fanon (Trinit\u00e9)<\/strong><\/p>\n\n\n\n<p class=\"has-vivid-cyan-blue-color has-text-color\"><strong>2\u00e8me place : Mlle HAJJAR Line, Lyc\u00e9e Frantz Fanon (Trinit\u00e9)<\/strong><\/p>\n\n\n\n<p class=\"has-vivid-cyan-blue-color has-text-color\"><strong>3\u00e8me place : Mlle CHRONE-FERRER Romane, Lyc\u00e9e La Jet\u00e9e (Fran\u00e7ois)<\/strong><\/p>\n<\/div><\/div>\n\n\n\n<p>Bravo aux \u00e9l\u00e8ves et aux enseignants pour leur engagement ! Un tr\u00e8s grand merci \u00e0 nos partenaires pour leur g\u00e9n\u00e9rosit\u00e9 !<\/p>\n\n\n\n<p>D\u00e9couvrez, en images, quelques temps forts de cette journ\u00e9e m\u00e9morable.<\/p>\n\n\n\n<figure class=\"wp-block-gallery has-nested-images columns-default is-cropped wp-block-gallery-1 is-layout-flex wp-block-gallery-is-layout-flex\">\n<figure class=\"wp-block-image size-large\"><a href=\"https:\/\/site.ac-martinique.fr\/svt\/wp-content\/uploads\/sites\/97\/2022\/06\/IMG_0251-scaled.jpg\"><img loading=\"lazy\" decoding=\"async\" width=\"2560\" height=\"1707\" data-id=\"5161\" src=\"https:\/\/site.ac-martinique.fr\/svt\/wp-content\/uploads\/sites\/97\/2022\/06\/IMG_0251-scaled.jpg\" alt=\"\" class=\"wp-image-5161\" srcset=\"https:\/\/site.ac-martinique.fr\/svt\/wp-content\/uploads\/sites\/97\/2022\/06\/IMG_0251-scaled.jpg 2560w, https:\/\/site.ac-martinique.fr\/svt\/wp-content\/uploads\/sites\/97\/2022\/06\/IMG_0251-300x200.jpg 300w, https:\/\/site.ac-martinique.fr\/svt\/wp-content\/uploads\/sites\/97\/2022\/06\/IMG_0251-1024x683.jpg 1024w, https:\/\/site.ac-martinique.fr\/svt\/wp-content\/uploads\/sites\/97\/2022\/06\/IMG_0251-768x512.jpg 768w, https:\/\/site.ac-martinique.fr\/svt\/wp-content\/uploads\/sites\/97\/2022\/06\/IMG_0251-1536x1024.jpg 1536w, https:\/\/site.ac-martinique.fr\/svt\/wp-content\/uploads\/sites\/97\/2022\/06\/IMG_0251-2048x1365.jpg 2048w\" sizes=\"auto, (max-width: 2560px) 100vw, 2560px\" \/><\/a><\/figure>\n\n\n\n<figure class=\"wp-block-image size-large\"><a href=\"https:\/\/site.ac-martinique.fr\/svt\/wp-content\/uploads\/sites\/97\/2022\/06\/IMG_0162-scaled.jpg\"><img loading=\"lazy\" decoding=\"async\" width=\"2560\" height=\"1707\" data-id=\"5162\" src=\"https:\/\/site.ac-martinique.fr\/svt\/wp-content\/uploads\/sites\/97\/2022\/06\/IMG_0162-scaled.jpg\" alt=\"\" class=\"wp-image-5162\" srcset=\"https:\/\/site.ac-martinique.fr\/svt\/wp-content\/uploads\/sites\/97\/2022\/06\/IMG_0162-scaled.jpg 2560w, https:\/\/site.ac-martinique.fr\/svt\/wp-content\/uploads\/sites\/97\/2022\/06\/IMG_0162-300x200.jpg 300w, https:\/\/site.ac-martinique.fr\/svt\/wp-content\/uploads\/sites\/97\/2022\/06\/IMG_0162-1024x683.jpg 1024w, https:\/\/site.ac-martinique.fr\/svt\/wp-content\/uploads\/sites\/97\/2022\/06\/IMG_0162-768x512.jpg 768w, https:\/\/site.ac-martinique.fr\/svt\/wp-content\/uploads\/sites\/97\/2022\/06\/IMG_0162-1536x1024.jpg 1536w, https:\/\/site.ac-martinique.fr\/svt\/wp-content\/uploads\/sites\/97\/2022\/06\/IMG_0162-2048x1365.jpg 2048w\" sizes=\"auto, (max-width: 2560px) 100vw, 2560px\" \/><\/a><\/figure>\n\n\n\n<figure class=\"wp-block-image size-large\"><a href=\"https:\/\/site.ac-martinique.fr\/svt\/wp-content\/uploads\/sites\/97\/2022\/06\/IMG_0249-scaled.jpg\"><img loading=\"lazy\" decoding=\"async\" width=\"2560\" height=\"1707\" data-id=\"5164\" src=\"https:\/\/site.ac-martinique.fr\/svt\/wp-content\/uploads\/sites\/97\/2022\/06\/IMG_0249-scaled.jpg\" alt=\"\" class=\"wp-image-5164\" srcset=\"https:\/\/site.ac-martinique.fr\/svt\/wp-content\/uploads\/sites\/97\/2022\/06\/IMG_0249-scaled.jpg 2560w, https:\/\/site.ac-martinique.fr\/svt\/wp-content\/uploads\/sites\/97\/2022\/06\/IMG_0249-300x200.jpg 300w, https:\/\/site.ac-martinique.fr\/svt\/wp-content\/uploads\/sites\/97\/2022\/06\/IMG_0249-1024x683.jpg 1024w, https:\/\/site.ac-martinique.fr\/svt\/wp-content\/uploads\/sites\/97\/2022\/06\/IMG_0249-768x512.jpg 768w, https:\/\/site.ac-martinique.fr\/svt\/wp-content\/uploads\/sites\/97\/2022\/06\/IMG_0249-1536x1024.jpg 1536w, https:\/\/site.ac-martinique.fr\/svt\/wp-content\/uploads\/sites\/97\/2022\/06\/IMG_0249-2048x1365.jpg 2048w\" sizes=\"auto, (max-width: 2560px) 100vw, 2560px\" \/><\/a><\/figure>\n\n\n\n<figure class=\"wp-block-image size-large\"><a href=\"https:\/\/site.ac-martinique.fr\/svt\/wp-content\/uploads\/sites\/97\/2022\/06\/IMG_0164-scaled.jpg\"><img loading=\"lazy\" decoding=\"async\" width=\"2560\" height=\"1707\" data-id=\"5163\" src=\"https:\/\/site.ac-martinique.fr\/svt\/wp-content\/uploads\/sites\/97\/2022\/06\/IMG_0164-scaled.jpg\" alt=\"\" class=\"wp-image-5163\" srcset=\"https:\/\/site.ac-martinique.fr\/svt\/wp-content\/uploads\/sites\/97\/2022\/06\/IMG_0164-scaled.jpg 2560w, https:\/\/site.ac-martinique.fr\/svt\/wp-content\/uploads\/sites\/97\/2022\/06\/IMG_0164-300x200.jpg 300w, https:\/\/site.ac-martinique.fr\/svt\/wp-content\/uploads\/sites\/97\/2022\/06\/IMG_0164-1024x683.jpg 1024w, https:\/\/site.ac-martinique.fr\/svt\/wp-content\/uploads\/sites\/97\/2022\/06\/IMG_0164-768x512.jpg 768w, https:\/\/site.ac-martinique.fr\/svt\/wp-content\/uploads\/sites\/97\/2022\/06\/IMG_0164-1536x1024.jpg 1536w, https:\/\/site.ac-martinique.fr\/svt\/wp-content\/uploads\/sites\/97\/2022\/06\/IMG_0164-2048x1365.jpg 2048w\" sizes=\"auto, (max-width: 2560px) 100vw, 2560px\" \/><\/a><\/figure>\n\n\n\n<figure class=\"wp-block-image size-large\"><a href=\"https:\/\/site.ac-martinique.fr\/svt\/wp-content\/uploads\/sites\/97\/2022\/06\/IMG_0252-scaled.jpg\"><img loading=\"lazy\" decoding=\"async\" width=\"2560\" height=\"1707\" data-id=\"5165\" src=\"https:\/\/site.ac-martinique.fr\/svt\/wp-content\/uploads\/sites\/97\/2022\/06\/IMG_0252-scaled.jpg\" alt=\"\" class=\"wp-image-5165\" srcset=\"https:\/\/site.ac-martinique.fr\/svt\/wp-content\/uploads\/sites\/97\/2022\/06\/IMG_0252-scaled.jpg 2560w, https:\/\/site.ac-martinique.fr\/svt\/wp-content\/uploads\/sites\/97\/2022\/06\/IMG_0252-300x200.jpg 300w, https:\/\/site.ac-martinique.fr\/svt\/wp-content\/uploads\/sites\/97\/2022\/06\/IMG_0252-1024x683.jpg 1024w, https:\/\/site.ac-martinique.fr\/svt\/wp-content\/uploads\/sites\/97\/2022\/06\/IMG_0252-768x512.jpg 768w, https:\/\/site.ac-martinique.fr\/svt\/wp-content\/uploads\/sites\/97\/2022\/06\/IMG_0252-1536x1024.jpg 1536w, https:\/\/site.ac-martinique.fr\/svt\/wp-content\/uploads\/sites\/97\/2022\/06\/IMG_0252-2048x1365.jpg 2048w\" sizes=\"auto, (max-width: 2560px) 100vw, 2560px\" \/><\/a><\/figure>\n\n\n\n<figure class=\"wp-block-image size-large\"><a href=\"https:\/\/site.ac-martinique.fr\/svt\/wp-content\/uploads\/sites\/97\/2022\/06\/IMG_0240-scaled.jpg\"><img loading=\"lazy\" decoding=\"async\" width=\"2560\" height=\"1707\" data-id=\"5166\" src=\"https:\/\/site.ac-martinique.fr\/svt\/wp-content\/uploads\/sites\/97\/2022\/06\/IMG_0240-scaled.jpg\" alt=\"\" class=\"wp-image-5166\" srcset=\"https:\/\/site.ac-martinique.fr\/svt\/wp-content\/uploads\/sites\/97\/2022\/06\/IMG_0240-scaled.jpg 2560w, https:\/\/site.ac-martinique.fr\/svt\/wp-content\/uploads\/sites\/97\/2022\/06\/IMG_0240-300x200.jpg 300w, https:\/\/site.ac-martinique.fr\/svt\/wp-content\/uploads\/sites\/97\/2022\/06\/IMG_0240-1024x683.jpg 1024w, https:\/\/site.ac-martinique.fr\/svt\/wp-content\/uploads\/sites\/97\/2022\/06\/IMG_0240-768x512.jpg 768w, https:\/\/site.ac-martinique.fr\/svt\/wp-content\/uploads\/sites\/97\/2022\/06\/IMG_0240-1536x1024.jpg 1536w, https:\/\/site.ac-martinique.fr\/svt\/wp-content\/uploads\/sites\/97\/2022\/06\/IMG_0240-2048x1365.jpg 2048w\" sizes=\"auto, (max-width: 2560px) 100vw, 2560px\" \/><\/a><\/figure>\n\n\n\n<figure class=\"wp-block-image size-large\"><a href=\"https:\/\/site.ac-martinique.fr\/svt\/wp-content\/uploads\/sites\/97\/2022\/06\/IMG_0248-scaled.jpg\"><img loading=\"lazy\" decoding=\"async\" width=\"2560\" height=\"1707\" data-id=\"5172\" src=\"https:\/\/site.ac-martinique.fr\/svt\/wp-content\/uploads\/sites\/97\/2022\/06\/IMG_0248-scaled.jpg\" alt=\"\" class=\"wp-image-5172\" srcset=\"https:\/\/site.ac-martinique.fr\/svt\/wp-content\/uploads\/sites\/97\/2022\/06\/IMG_0248-scaled.jpg 2560w, https:\/\/site.ac-martinique.fr\/svt\/wp-content\/uploads\/sites\/97\/2022\/06\/IMG_0248-300x200.jpg 300w, https:\/\/site.ac-martinique.fr\/svt\/wp-content\/uploads\/sites\/97\/2022\/06\/IMG_0248-1024x683.jpg 1024w, https:\/\/site.ac-martinique.fr\/svt\/wp-content\/uploads\/sites\/97\/2022\/06\/IMG_0248-768x512.jpg 768w, https:\/\/site.ac-martinique.fr\/svt\/wp-content\/uploads\/sites\/97\/2022\/06\/IMG_0248-1536x1024.jpg 1536w, https:\/\/site.ac-martinique.fr\/svt\/wp-content\/uploads\/sites\/97\/2022\/06\/IMG_0248-2048x1365.jpg 2048w\" sizes=\"auto, (max-width: 2560px) 100vw, 2560px\" \/><\/a><\/figure>\n\n\n\n<figure class=\"wp-block-image size-large\"><a href=\"https:\/\/site.ac-martinique.fr\/svt\/wp-content\/uploads\/sites\/97\/2022\/06\/IMG_0247-scaled.jpg\"><img loading=\"lazy\" decoding=\"async\" width=\"2560\" height=\"1707\" data-id=\"5171\" src=\"https:\/\/site.ac-martinique.fr\/svt\/wp-content\/uploads\/sites\/97\/2022\/06\/IMG_0247-scaled.jpg\" alt=\"\" class=\"wp-image-5171\" srcset=\"https:\/\/site.ac-martinique.fr\/svt\/wp-content\/uploads\/sites\/97\/2022\/06\/IMG_0247-scaled.jpg 2560w, https:\/\/site.ac-martinique.fr\/svt\/wp-content\/uploads\/sites\/97\/2022\/06\/IMG_0247-300x200.jpg 300w, https:\/\/site.ac-martinique.fr\/svt\/wp-content\/uploads\/sites\/97\/2022\/06\/IMG_0247-1024x683.jpg 1024w, https:\/\/site.ac-martinique.fr\/svt\/wp-content\/uploads\/sites\/97\/2022\/06\/IMG_0247-768x512.jpg 768w, https:\/\/site.ac-martinique.fr\/svt\/wp-content\/uploads\/sites\/97\/2022\/06\/IMG_0247-1536x1024.jpg 1536w, https:\/\/site.ac-martinique.fr\/svt\/wp-content\/uploads\/sites\/97\/2022\/06\/IMG_0247-2048x1365.jpg 2048w\" sizes=\"auto, (max-width: 2560px) 100vw, 2560px\" \/><\/a><\/figure>\n\n\n\n<figure class=\"wp-block-image size-large\"><a href=\"https:\/\/site.ac-martinique.fr\/svt\/wp-content\/uploads\/sites\/97\/2022\/06\/IMG_0244-scaled.jpg\"><img loading=\"lazy\" decoding=\"async\" width=\"2560\" height=\"1707\" data-id=\"5170\" src=\"https:\/\/site.ac-martinique.fr\/svt\/wp-content\/uploads\/sites\/97\/2022\/06\/IMG_0244-scaled.jpg\" alt=\"\" class=\"wp-image-5170\" srcset=\"https:\/\/site.ac-martinique.fr\/svt\/wp-content\/uploads\/sites\/97\/2022\/06\/IMG_0244-scaled.jpg 2560w, https:\/\/site.ac-martinique.fr\/svt\/wp-content\/uploads\/sites\/97\/2022\/06\/IMG_0244-300x200.jpg 300w, https:\/\/site.ac-martinique.fr\/svt\/wp-content\/uploads\/sites\/97\/2022\/06\/IMG_0244-1024x683.jpg 1024w, https:\/\/site.ac-martinique.fr\/svt\/wp-content\/uploads\/sites\/97\/2022\/06\/IMG_0244-768x512.jpg 768w, https:\/\/site.ac-martinique.fr\/svt\/wp-content\/uploads\/sites\/97\/2022\/06\/IMG_0244-1536x1024.jpg 1536w, https:\/\/site.ac-martinique.fr\/svt\/wp-content\/uploads\/sites\/97\/2022\/06\/IMG_0244-2048x1365.jpg 2048w\" sizes=\"auto, (max-width: 2560px) 100vw, 2560px\" \/><\/a><\/figure>\n\n\n\n<figure class=\"wp-block-image size-large\"><a href=\"https:\/\/site.ac-martinique.fr\/svt\/wp-content\/uploads\/sites\/97\/2022\/06\/IMG_0253-scaled.jpg\"><img loading=\"lazy\" decoding=\"async\" width=\"2560\" height=\"1707\" data-id=\"5169\" src=\"https:\/\/site.ac-martinique.fr\/svt\/wp-content\/uploads\/sites\/97\/2022\/06\/IMG_0253-scaled.jpg\" alt=\"\" class=\"wp-image-5169\" srcset=\"https:\/\/site.ac-martinique.fr\/svt\/wp-content\/uploads\/sites\/97\/2022\/06\/IMG_0253-scaled.jpg 2560w, https:\/\/site.ac-martinique.fr\/svt\/wp-content\/uploads\/sites\/97\/2022\/06\/IMG_0253-300x200.jpg 300w, https:\/\/site.ac-martinique.fr\/svt\/wp-content\/uploads\/sites\/97\/2022\/06\/IMG_0253-1024x683.jpg 1024w, https:\/\/site.ac-martinique.fr\/svt\/wp-content\/uploads\/sites\/97\/2022\/06\/IMG_0253-768x512.jpg 768w, https:\/\/site.ac-martinique.fr\/svt\/wp-content\/uploads\/sites\/97\/2022\/06\/IMG_0253-1536x1024.jpg 1536w, https:\/\/site.ac-martinique.fr\/svt\/wp-content\/uploads\/sites\/97\/2022\/06\/IMG_0253-2048x1365.jpg 2048w\" sizes=\"auto, (max-width: 2560px) 100vw, 2560px\" \/><\/a><\/figure>\n\n\n\n<figure class=\"wp-block-image size-large\"><a href=\"https:\/\/site.ac-martinique.fr\/svt\/wp-content\/uploads\/sites\/97\/2022\/06\/IMG_0250-scaled.jpg\"><img loading=\"lazy\" decoding=\"async\" width=\"2560\" height=\"1707\" data-id=\"5168\" src=\"https:\/\/site.ac-martinique.fr\/svt\/wp-content\/uploads\/sites\/97\/2022\/06\/IMG_0250-scaled.jpg\" alt=\"\" class=\"wp-image-5168\" srcset=\"https:\/\/site.ac-martinique.fr\/svt\/wp-content\/uploads\/sites\/97\/2022\/06\/IMG_0250-scaled.jpg 2560w, https:\/\/site.ac-martinique.fr\/svt\/wp-content\/uploads\/sites\/97\/2022\/06\/IMG_0250-300x200.jpg 300w, https:\/\/site.ac-martinique.fr\/svt\/wp-content\/uploads\/sites\/97\/2022\/06\/IMG_0250-1024x683.jpg 1024w, https:\/\/site.ac-martinique.fr\/svt\/wp-content\/uploads\/sites\/97\/2022\/06\/IMG_0250-768x512.jpg 768w, https:\/\/site.ac-martinique.fr\/svt\/wp-content\/uploads\/sites\/97\/2022\/06\/IMG_0250-1536x1024.jpg 1536w, https:\/\/site.ac-martinique.fr\/svt\/wp-content\/uploads\/sites\/97\/2022\/06\/IMG_0250-2048x1365.jpg 2048w\" sizes=\"auto, (max-width: 2560px) 100vw, 2560px\" \/><\/a><\/figure>\n\n\n\n<figure class=\"wp-block-image size-large\"><a href=\"https:\/\/site.ac-martinique.fr\/svt\/wp-content\/uploads\/sites\/97\/2022\/06\/IMG_0246-scaled.jpg\"><img loading=\"lazy\" decoding=\"async\" width=\"2560\" height=\"1707\" data-id=\"5167\" src=\"https:\/\/site.ac-martinique.fr\/svt\/wp-content\/uploads\/sites\/97\/2022\/06\/IMG_0246-scaled.jpg\" alt=\"\" class=\"wp-image-5167\" srcset=\"https:\/\/site.ac-martinique.fr\/svt\/wp-content\/uploads\/sites\/97\/2022\/06\/IMG_0246-scaled.jpg 2560w, https:\/\/site.ac-martinique.fr\/svt\/wp-content\/uploads\/sites\/97\/2022\/06\/IMG_0246-300x200.jpg 300w, https:\/\/site.ac-martinique.fr\/svt\/wp-content\/uploads\/sites\/97\/2022\/06\/IMG_0246-1024x683.jpg 1024w, https:\/\/site.ac-martinique.fr\/svt\/wp-content\/uploads\/sites\/97\/2022\/06\/IMG_0246-768x512.jpg 768w, https:\/\/site.ac-martinique.fr\/svt\/wp-content\/uploads\/sites\/97\/2022\/06\/IMG_0246-1536x1024.jpg 1536w, https:\/\/site.ac-martinique.fr\/svt\/wp-content\/uploads\/sites\/97\/2022\/06\/IMG_0246-2048x1365.jpg 2048w\" sizes=\"auto, (max-width: 2560px) 100vw, 2560px\" \/><\/a><\/figure>\n<\/figure>\n","protected":false},"excerpt":{"rendered":"<p>Cette ann\u00e9e, malgr\u00e9 un contexte particuli\u00e8rement difficile, 33 lyc\u00e9ens de 1\u00e8re de notre acad\u00e9mie, curieux et motiv\u00e9s, ont particip\u00e9 aux 16\u00e8me Olympiades de G\u00e9osciences. Ce concours participe \u00e0 enrichir la culture scientifique de nos jeunes et contribue \u00e0 leur parcours de formation et \u00e0 leur parcours citoyen. &nbsp; L\u2019engagement de tous les participants a \u00e9t\u00e9 &hellip; <\/p>\n<p><a class=\"more-link btn\" href=\"https:\/\/site.ac-martinique.fr\/svt\/?page_id=5476\">Lire la suite<\/a><\/p>\n","protected":false},"author":253,"featured_media":0,"parent":0,"menu_order":0,"comment_status":"closed","ping_status":"closed","template":"","meta":{"footnotes":""},"class_list":["post-5476","page","type-page","status-publish","hentry","nodate","item-wrap"],"_links":{"self":[{"href":"https:\/\/site.ac-martinique.fr\/svt\/index.php?rest_route=\/wp\/v2\/pages\/5476","targetHints":{"allow":["GET"]}}],"collection":[{"href":"https:\/\/site.ac-martinique.fr\/svt\/index.php?rest_route=\/wp\/v2\/pages"}],"about":[{"href":"https:\/\/site.ac-martinique.fr\/svt\/index.php?rest_route=\/wp\/v2\/types\/page"}],"author":[{"embeddable":true,"href":"https:\/\/site.ac-martinique.fr\/svt\/index.php?rest_route=\/wp\/v2\/users\/253"}],"replies":[{"embeddable":true,"href":"https:\/\/site.ac-martinique.fr\/svt\/index.php?rest_route=%2Fwp%2Fv2%2Fcomments&post=5476"}],"version-history":[{"count":1,"href":"https:\/\/site.ac-martinique.fr\/svt\/index.php?rest_route=\/wp\/v2\/pages\/5476\/revisions"}],"predecessor-version":[{"id":5477,"href":"https:\/\/site.ac-martinique.fr\/svt\/index.php?rest_route=\/wp\/v2\/pages\/5476\/revisions\/5477"}],"wp:attachment":[{"href":"https:\/\/site.ac-martinique.fr\/svt\/index.php?rest_route=%2Fwp%2Fv2%2Fmedia&parent=5476"}],"curies":[{"name":"wp","href":"https:\/\/api.w.org\/{rel}","templated":true}]}}