{"id":1661,"date":"2014-01-30T21:56:23","date_gmt":"2014-01-31T01:56:23","guid":{"rendered":"\/technologie\/?page_id=1661"},"modified":"2014-01-30T23:23:49","modified_gmt":"2014-01-31T03:23:49","slug":"internet-sans-crainte","status":"publish","type":"page","link":"https:\/\/site.ac-martinique.fr\/technologie\/logiciels\/internet-sans-crainte\/","title":{"rendered":"INTERNET SANS CRAINTE"},"content":{"rendered":"<table border=\"0\">\n<tbody>\n<tr>\n<td><a href=\"http:\/\/www.internetsanscrainte.fr\/\" target=\"_blank\"><img loading=\"lazy\" decoding=\"async\" src=\"\/technologie\/wp-content\/uploads\/sites\/24\/2014\/01\/internet-sans-crainte.gif\" alt=\"\" width=\"104\" height=\"85\" \/><\/a><\/td>\n<td>\n<p>La mission :<\/p>\n<ul>\n<li><span style=\"line-height: 19px\">Sensibiliser les enfants,\u00a0<\/span><span style=\"line-height: 19px\">leurs parents et m\u00e9diateurs \u00e9ducatifs\u00a0<\/span><span style=\"line-height: 19px\">\u00e0 la ma\u00eetrise des usages du num\u00e9rique<\/span><\/li>\n<li><span style=\"line-height: 19px\">D\u00e9velopper des pratiques riches,\u00a0<\/span><span style=\"line-height: 19px\">responsables et s\u00fbres dans le contexte\u00a0<\/span><span style=\"line-height: 19px\">de la multiplication des \u00e9crans connect\u00e9s<\/span><\/li>\n<\/ul>\n<\/td>\n<\/tr>\n<\/tbody>\n<\/table>\n<p><strong><em>Cliquer sur l&#8217;image pour acc\u00e9der \u00e0 la page web<\/em><\/strong><\/p>\n","protected":false},"excerpt":{"rendered":"<p>La mission : Sensibiliser les enfants,\u00a0leurs parents et m\u00e9diateurs \u00e9ducatifs\u00a0\u00e0 la ma\u00eetrise des usages du num\u00e9rique D\u00e9velopper des pratiques riches,\u00a0responsables et s\u00fbres dans le contexte\u00a0de la multiplication des \u00e9crans connect\u00e9s Cliquer sur l&#8217;image pour acc\u00e9der \u00e0 la page web<\/p>\n","protected":false},"author":80,"featured_media":0,"parent":1039,"menu_order":2,"comment_status":"closed","ping_status":"closed","template":"","meta":{"footnotes":""},"class_list":["post-1661","page","type-page","status-publish","hentry"],"_links":{"self":[{"href":"https:\/\/site.ac-martinique.fr\/technologie\/wp-json\/wp\/v2\/pages\/1661","targetHints":{"allow":["GET"]}}],"collection":[{"href":"https:\/\/site.ac-martinique.fr\/technologie\/wp-json\/wp\/v2\/pages"}],"about":[{"href":"https:\/\/site.ac-martinique.fr\/technologie\/wp-json\/wp\/v2\/types\/page"}],"author":[{"embeddable":true,"href":"https:\/\/site.ac-martinique.fr\/technologie\/wp-json\/wp\/v2\/users\/80"}],"replies":[{"embeddable":true,"href":"https:\/\/site.ac-martinique.fr\/technologie\/wp-json\/wp\/v2\/comments?post=1661"}],"version-history":[{"count":4,"href":"https:\/\/site.ac-martinique.fr\/technologie\/wp-json\/wp\/v2\/pages\/1661\/revisions"}],"predecessor-version":[{"id":1670,"href":"https:\/\/site.ac-martinique.fr\/technologie\/wp-json\/wp\/v2\/pages\/1661\/revisions\/1670"}],"up":[{"embeddable":true,"href":"https:\/\/site.ac-martinique.fr\/technologie\/wp-json\/wp\/v2\/pages\/1039"}],"wp:attachment":[{"href":"https:\/\/site.ac-martinique.fr\/technologie\/wp-json\/wp\/v2\/media?parent=1661"}],"curies":[{"name":"wp","href":"https:\/\/api.w.org\/{rel}","templated":true}]}}