{"id":1720,"date":"2014-02-06T21:53:02","date_gmt":"2014-02-07T01:53:02","guid":{"rendered":"\/technologie\/?page_id=1720"},"modified":"2014-02-27T17:39:49","modified_gmt":"2014-02-27T21:39:49","slug":"recommandations-aide-pour-le-professeur","status":"publish","type":"page","link":"https:\/\/site.ac-martinique.fr\/technologie\/concourss\/concours-architecture-2\/recommandations-aide-pour-le-professeur\/","title":{"rendered":"Recommandations &#8211; aide pour le professeur"},"content":{"rendered":"<p><span style=\"font-family: arial, helvetica, sans-serif;font-size: medium\"><strong><span style=\"font-family: arial, helvetica, sans-serif\">\u00e0 la lecture du sujet, plusieurs approches peuvent \u00eatre faites avec les \u00e9l\u00e8ves :<\/span><\/strong><\/span><\/p>\n<ul>\n<li><span style=\"font-family: arial, helvetica, sans-serif;font-size: medium\"><strong>soit une construction du projet de A \u00e0 Z &#8220;comme dans la r\u00e9alit\u00e9&#8221; : t\u00e2che complexe<\/strong><\/span><\/li>\n<\/ul>\n<ul>\n<li><span style=\"font-family: arial, helvetica, sans-serif;font-size: medium\"><strong>soit une liste avec les donn\u00e9es : taille du terrain \/ superficie de la maison \/ contraintes de construction<\/strong><\/span><\/li>\n<\/ul>\n<p><span style=\"font-size: medium;font-family: arial, helvetica, sans-serif\"><span style=\"font-family: arial, helvetica, sans-serif\">En effet, les\u00a0v\u0153ux\u00a0formul\u00e9s par la famille ainsi que les donn\u00e9es seront propos\u00e9es comme dans la r\u00e9alit\u00e9. L&#8217;id\u00e9e est de pr\u00e9senter le sujet dans le principe de la t\u00e2che complexe.<\/span><\/span><\/p>\n<ul>\n<li><span style=\"font-family: arial, helvetica, sans-serif;font-size: medium\">Apr\u00e8s avoir pris connaissance du budget global de la famille,\u00a0il faudra en d\u00e9duire le prix du terrain &#8211; Comment :\u00a0<\/span><\/li>\n<ul>\n<li><span style=\"font-family: arial, helvetica, sans-serif;font-size: medium\">en mesurant avant, la taille du terrain sur le plan du cadastral \u00e0 l&#8217;\u00e9chelle, \u00a0<\/span><\/li>\n<li><span style=\"font-family: arial, helvetica, sans-serif;font-size: medium\">en calculant la superficie du terrain<\/span><\/li>\n<li><span style=\"font-family: arial, helvetica, sans-serif;font-size: medium\">et en relevant le prix au m\u00e8tre carr\u00e9 du terrain (travail possible avec le professeur de math).\u00a0<\/span><\/li>\n<\/ul>\n<\/ul>\n<ul>\n<li><span style=\"font-family: arial, helvetica, sans-serif;font-size: medium\">Cela permettra de d\u00e9terminer le\u00a0budget limite pour la construction de la maison.<\/span><\/li>\n<\/ul>\n<ul>\n<li><span style=\"font-family: arial, helvetica, sans-serif;font-size: medium\">\u00a0Ensuite,\u00a0<br \/><\/span><span style=\"font-family: arial, helvetica, sans-serif;font-size: medium\">Apr\u00e8s avoir pris connaissance du prix au m\u00e8tre carr\u00e9 de la construction, il faudra en d\u00e9duire la taille limite (en surface) de la construction.<br \/>Elle ne doit pas \u00eatre en contradiction avec le COS et les besoins de la famille. <br \/>Mais rassurez-vous \u00e0 ce niveau l\u00e0, il n&#8217;y aura pas d&#8217;incoh\u00e9rence.\u00a0<\/span><\/li>\n<\/ul>\n<ul>\n<li><span style=\"font-family: arial, helvetica, sans-serif;font-size: medium\">La consultation du <a href=\"\/technologie\/wp-content\/uploads\/sites\/24\/2014\/02\/PLU-vauclin.pdf\" target=\"_blank\">PLU<\/a> permet de donner les r\u00e8gles administratives de la construction.\u00a0<br \/>Les\u00a0parties\u00a0les plus importantes sont surlign\u00e9es !<\/span><\/li>\n<li><span style=\"font-family: arial, helvetica, sans-serif;font-size: medium\">un second document explique par le sch\u00e9ma les donn\u00e9es techniques du PLU : <a href=\"\/technologie\/wp-content\/uploads\/sites\/24\/2014\/02\/SWEETHOME-2013-2014-PLU-EXPLICATION-2.pdf\" target=\"_blank\">PLU-Explication<\/a><\/span><\/li>\n<\/ul>\n<p><span style=\"font-size: medium\"><span style=\"font-family: arial, helvetica, sans-serif\">Ne vous\u00a0inqui\u00e9tez\u00a0pas, toutes les donn\u00e9es vous seront donn\u00e9es (ci-dessous, dans la deuxi\u00e8me parties) ! <\/span><\/span><\/p>\n<p><span style=\"font-size: medium\"><span style=\"font-family: arial, helvetica, sans-serif\"><span style=\"text-decoration: underline\"><strong>ATTENTION :<\/strong><\/span> <br \/><\/span><\/span><\/p>\n<ul>\n<li><span style=\"font-size: medium\"><span style=\"font-family: arial, helvetica, sans-serif\">La famille voulant une maison originale (donc pas\u00a0standard\u00a0comme sur les catalogues), il est\u00a0int\u00e9ressant\u00a0de faire une recherche avec\u00a0les \u00e9l\u00e8ves sur des\u00a0<\/span><a href=\"\/technologie\/?page_id=1725\" target=\"_blank\">exemples de r\u00e9alisation<\/a><span style=\"font-family: Georgia, 'Times New Roman', 'Bitstream Charter', Times, serif\">. \u00a0<\/span>En s&#8217;inspirant des <span style=\"font-family: arial, helvetica, sans-serif\">constructions de Martinique\u00a0et d&#8217;ailleurs, les \u00e9l\u00e8ves doivent cr\u00e9er un nouveau projet original !<\/span><\/span><\/li>\n<\/ul>\n<ul>\n<li><span style=\"font-size: medium\"><span style=\"font-size: medium\"><span style=\"font-family: arial, helvetica, sans-serif\">Les r\u00e8gles de construction doivent \u00eatre respect\u00e9es surtout pour des raisons de s\u00e9curit\u00e9 !<br \/><em><span style=\"font-size: small\">(ex : PALET DE CONTREVENTEMENT 1,00ml x 1,00ml DANS CHAQUE ANGLE DE LA CONSTRUCTION)\u00a0<a href=\"\/technologie\/wp-content\/uploads\/sites\/24\/2014\/02\/ouvrants-et-poteaux-r%C3%A8gles-de-construction1.pdf\" target=\"_blank\">lien page2<\/a><\/span><\/em><\/span><\/span><\/span><\/li>\n<\/ul>\n<p style=\"text-align: center\">\u00a0<\/p>\n<p style=\"text-align: center\">\u00a0<\/p>\n<hr \/>\n<p style=\"text-align: center\"><span style=\"font-family: arial, helvetica, sans-serif\"><span style=\"font-family: arial, helvetica, sans-serif\"><strong>DONN\u00c9ES<\/strong><\/span><\/span><\/p>\n<ul>\n<li><span style=\"font-family: arial, helvetica, sans-serif;font-size: small\"><strong>Taille du terrain : env.<\/strong> 21m x 62m &#8211; terrain plat\u00a0(cf. extrait du <a href=\"\/technologie\/wp-content\/uploads\/sites\/24\/2014\/02\/Plan-cadastre.pdf\" target=\"_blank\">plan cadastral<\/a>) soit pr\u00e9cis\u00e9ment 1 322,12 m\u00b2 &#8211; 145 433,20 \u20ac<\/span><\/li>\n<\/ul>\n<ul>\n<li><span style=\"font-family: arial, helvetica, sans-serif;font-size: small\"><strong>Taille de la maison<\/strong> : entre 140m\u00b2 &amp; <span style=\"text-decoration: underline\">162m\u00b2<\/span> car budget de 194 566,80 \u20ac<\/span><\/li>\n<\/ul>\n<ul>\n<li><span style=\"font-family: arial, helvetica, sans-serif;font-size: small\"><strong>Parcelle :<\/strong> n\u00b0625\u00a0(cf. extrait du plan cadastral)<br \/><strong>Servitude de passage :<\/strong> n\u00b0621\u00a0(cf. extrait du plan cadastral)<\/span><\/li>\n<\/ul>\n<ul>\n<li><span style=\"font-size: small\"><strong><span style=\"font-family: arial, helvetica, sans-serif\">Construire une maison : R\u00e8gles administratives (<\/span><\/strong><em><span style=\"font-family: arial, helvetica, sans-serif\">toutes les informations importantes sont surlign\u00e9es sur le <a href=\"\/technologie\/wp-content\/uploads\/sites\/24\/2014\/02\/PLU-vauclin.pdf\" target=\"_blank\">PLU\u00a0)<\/a><\/span><\/em><\/span><\/li>\n<ul>\n<li><span style=\"font-family: arial, helvetica, sans-serif;font-size: small\">\u00e0 3m de la limite de s\u00e9paration (article 7 du PLU)<\/span><\/li>\n<li><span style=\"font-family: arial, helvetica, sans-serif;font-size: small\">\u00e0 5m de la servitude (article 6 du PLU)<\/span><\/li>\n<li><span style=\"font-family: arial, helvetica, sans-serif;font-size: small\">hauteur de la maison : 8,50m (article 10 du PLU)<\/span><\/li>\n<li><span style=\"font-family: arial, helvetica, sans-serif;font-size: small\">couleurs des murs : (article 11 du PLU)<\/span><\/li>\n<li><span style=\"font-family: arial, helvetica, sans-serif;font-size: small\">toiture : 15\u00b0 et couleurs (article 11 du PLU)<\/span><\/li>\n<li><span style=\"font-size: small\"><span style=\"font-family: arial, helvetica, sans-serif\">cl\u00f4tures\u00a0<\/span><span style=\"font-family: arial, helvetica, sans-serif\">(article 11 du PLU)<\/span><\/span><\/li>\n<li><span style=\"font-family: arial, helvetica, sans-serif;font-size: small\">1 arbre tous les 200m\u00b2\u00a0(article 13 du PLU)<\/span><\/li>\n<\/ul>\n<\/ul>\n<ul>\n<ul>\n<li><span style=\"text-decoration: underline;font-size: small;background-color: #ffff99\"><span style=\"font-family: arial, helvetica, sans-serif\">taille d&#8217;une chambre : minimun 9m\u00b2<\/span><\/span><\/li>\n<\/ul>\n<\/ul>\n<p><span style=\"font-family: arial, helvetica, sans-serif;font-size: small\"><br \/><\/span><\/p>\n<div>\n<ul>\n<li><span style=\"font-size: small\"><strong><span style=\"font-family: arial, helvetica, sans-serif\">Parking :\u00a0<\/span><\/strong><\/span><\/li>\n<ul>\n<li><span style=\"font-family: arial, helvetica, sans-serif;font-size: small\">obligatoirement pour 2 voitures (article 12 du PLU)<\/span><\/li>\n<li><span style=\"font-family: arial, helvetica, sans-serif;font-size: small\">taille de chaque place : 2,5m x 5m<\/span><\/li>\n<li><span style=\"font-family: arial, helvetica, sans-serif;font-size: small\">aire de retournement obligatoire car interdiction de sortie de la maison en marche arri\u00e8re<\/span><\/li>\n<li><span style=\"font-family: arial, helvetica, sans-serif;font-size: small\">exemple : <a href=\"\/technologie\/wp-content\/uploads\/sites\/24\/2014\/02\/parking.pdf\" target=\"_blank\"><span style=\"color: #ff6600\">lien<\/span><\/a><\/span><\/li>\n<\/ul>\n<\/ul>\n<div>\u00a0<\/div>\n<div>\n<ul>\n<li><span style=\"font-size: small\"><strong><span style=\"font-family: arial, helvetica, sans-serif\">r\u00e8gles de bons sens :<\/span><\/strong><\/span><\/li>\n<ul>\n<li><span style=\"font-family: arial, helvetica, sans-serif;font-size: small\">\u00e9viter d&#8217;avoir la porte des toilettes qui s&#8217;ouvre vers le salon<\/span><\/li>\n<li><span style=\"font-family: arial, helvetica, sans-serif;font-size: small\">mettre les portes et fen\u00eatres \u00e0 la m\u00eame hauteur pour la partie haute (plus harmonieux) : <a href=\"\/technologie\/wp-content\/uploads\/sites\/24\/2014\/02\/ouvrants-et-poteaux-r\u00e8gles-de-construction1.pdf\" target=\"_blank\">lien<\/a><\/span><\/li>\n<li><span style=\"font-family: arial, helvetica, sans-serif;font-size: small\">positionner si possible la cuisine \u00e0 l&#8217;oppos\u00e9 du vent afin d&#8217;\u00e9viter d&#8217;avoir les odeurs de cuisine dans toute la maison<\/span><\/li>\n<\/ul>\n<\/ul>\n<\/div>\n<\/div>\n","protected":false},"excerpt":{"rendered":"<p>\u00e0 la lecture du sujet, plusieurs approches peuvent \u00eatre faites avec les \u00e9l\u00e8ves : soit une construction du projet de A \u00e0 Z &#8220;comme dans la r\u00e9alit\u00e9&#8221; : t\u00e2che complexe soit une liste avec les donn\u00e9es : taille du terrain &hellip; <a href=\"https:\/\/site.ac-martinique.fr\/technologie\/concourss\/concours-architecture-2\/recommandations-aide-pour-le-professeur\/\">Continuer la lecture <span class=\"meta-nav\">&rarr;<\/span><\/a><\/p>\n","protected":false},"author":80,"featured_media":0,"parent":1597,"menu_order":0,"comment_status":"closed","ping_status":"closed","template":"","meta":{"footnotes":""},"class_list":["post-1720","page","type-page","status-publish","hentry"],"_links":{"self":[{"href":"https:\/\/site.ac-martinique.fr\/technologie\/wp-json\/wp\/v2\/pages\/1720","targetHints":{"allow":["GET"]}}],"collection":[{"href":"https:\/\/site.ac-martinique.fr\/technologie\/wp-json\/wp\/v2\/pages"}],"about":[{"href":"https:\/\/site.ac-martinique.fr\/technologie\/wp-json\/wp\/v2\/types\/page"}],"author":[{"embeddable":true,"href":"https:\/\/site.ac-martinique.fr\/technologie\/wp-json\/wp\/v2\/users\/80"}],"replies":[{"embeddable":true,"href":"https:\/\/site.ac-martinique.fr\/technologie\/wp-json\/wp\/v2\/comments?post=1720"}],"version-history":[{"count":17,"href":"https:\/\/site.ac-martinique.fr\/technologie\/wp-json\/wp\/v2\/pages\/1720\/revisions"}],"predecessor-version":[{"id":1832,"href":"https:\/\/site.ac-martinique.fr\/technologie\/wp-json\/wp\/v2\/pages\/1720\/revisions\/1832"}],"up":[{"embeddable":true,"href":"https:\/\/site.ac-martinique.fr\/technologie\/wp-json\/wp\/v2\/pages\/1597"}],"wp:attachment":[{"href":"https:\/\/site.ac-martinique.fr\/technologie\/wp-json\/wp\/v2\/media?parent=1720"}],"curies":[{"name":"wp","href":"https:\/\/api.w.org\/{rel}","templated":true}]}}