{"id":2209,"date":"2017-11-10T16:57:02","date_gmt":"2017-11-10T20:57:02","guid":{"rendered":"\/technologie\/?page_id=2209"},"modified":"2024-04-26T02:54:54","modified_gmt":"2024-04-26T06:54:54","slug":"accueil","status":"publish","type":"page","link":"https:\/\/site.ac-martinique.fr\/technologie\/accueil\/","title":{"rendered":"Accueil"},"content":{"rendered":"<p>L&#8217;\u00e9quipe TICE de technologie vous souhaite la bienvenue sur le site !<\/p>\n<p>Ce site \u00e0 pour vocation d&#8217;\u00eatre au service des professeurs de technologie. N&#8217;h\u00e9sitez pas \u00e0 nous contacter pour nous dire ce que voulez voir ainsi que ce que vous avez besoin de voir apparaitre sur le site.<\/p>\n<div style=\"display:none;\">\n<a href=\"https:\/\/164.92.159.41\">daya4d<\/a><\/div>\n<p>&nbsp;<\/p>\n","protected":false},"excerpt":{"rendered":"<p>L&#8217;\u00e9quipe TICE de technologie vous souhaite la bienvenue sur le site ! Ce site \u00e0 pour vocation d&#8217;\u00eatre au service des professeurs de technologie. N&#8217;h\u00e9sitez pas \u00e0 nous contacter pour nous dire ce que voulez voir ainsi que ce que &hellip; <a href=\"https:\/\/site.ac-martinique.fr\/technologie\/accueil\/\">Continuer la lecture <span class=\"meta-nav\">&rarr;<\/span><\/a><\/p>\n","protected":false},"author":80,"featured_media":0,"parent":0,"menu_order":0,"comment_status":"closed","ping_status":"closed","template":"","meta":{"footnotes":""},"class_list":["post-2209","page","type-page","status-publish","hentry"],"_links":{"self":[{"href":"https:\/\/site.ac-martinique.fr\/technologie\/wp-json\/wp\/v2\/pages\/2209","targetHints":{"allow":["GET"]}}],"collection":[{"href":"https:\/\/site.ac-martinique.fr\/technologie\/wp-json\/wp\/v2\/pages"}],"about":[{"href":"https:\/\/site.ac-martinique.fr\/technologie\/wp-json\/wp\/v2\/types\/page"}],"author":[{"embeddable":true,"href":"https:\/\/site.ac-martinique.fr\/technologie\/wp-json\/wp\/v2\/users\/80"}],"replies":[{"embeddable":true,"href":"https:\/\/site.ac-martinique.fr\/technologie\/wp-json\/wp\/v2\/comments?post=2209"}],"version-history":[{"count":3,"href":"https:\/\/site.ac-martinique.fr\/technologie\/wp-json\/wp\/v2\/pages\/2209\/revisions"}],"predecessor-version":[{"id":2922,"href":"https:\/\/site.ac-martinique.fr\/technologie\/wp-json\/wp\/v2\/pages\/2209\/revisions\/2922"}],"wp:attachment":[{"href":"https:\/\/site.ac-martinique.fr\/technologie\/wp-json\/wp\/v2\/media?parent=2209"}],"curies":[{"name":"wp","href":"https:\/\/api.w.org\/{rel}","templated":true}]}}